{"id":4007,"date":"2026-03-04T08:14:00","date_gmt":"2026-03-04T08:14:00","guid":{"rendered":"https:\/\/sloengeldage.dk\/index.php\/hunden-ib-mobil\/"},"modified":"2026-05-08T18:06:51","modified_gmt":"2026-05-08T18:06:51","slug":"hunden-ib-mobil","status":"publish","type":"page","link":"https:\/\/sloengeldage.dk\/index.php\/hunden-ib-mobil\/","title":{"rendered":"Hunden Ib mobil"},"content":{"rendered":"<div class=\"brz brz-root__container brz-reset-all brz-root__container-page\">\n<section id=\"pO2RjAVmB_Y3_pO2RjAVmB_Y3\" class=\"brz-section brz-css-d-section brz-css-lmsq93\">\n<div class=\"brz-section__content brz-section--boxed brz-css-d-sectionitem-bg brz-css-23zbto\" data-brz-custom-id=\"n9qmswJEM4P4\">\n<div class=\"brz-container brz-css-d-sectionitem-container brz-css-ip2qcc\">\n<div class=\"brz-row__container brz-css-d-row-row brz-css-tgyvj2\" data-brz-custom-id=\"abFyU_9Kn7SD\">\n<div class=\"brz-row brz-css-d-row-container brz-css-r-row-container brz-css-r4hfn4\">\n<div class=\"brz-columns brz-css-d-column-column brz-css-ls4j0q\" data-brz-custom-id=\"nKVy_5LJMpZR\">\n<div class=\"brz-column__items brz-css-d-column-bg brz-css-1ezttb3\">\n<div id=\"\" class=\"brz-css-d-wrapper brz-css-1ayfqqn brz-wrapper\">\n<div class=\"brz-image brz-css-d-image-llesldlc0mxv-parent brz-css-1yrzpg7\" data-brz-custom-id=\"llEsLDlC0mXv\"><a class=\"brz-a\" target=\"_self\" rel=\"noopener\" href=\"https:\/\/sloengeldage.dk\/index.php\/mobilforside\/\" data-brz-link-type=\"page\"><img decoding=\"async\" class=\"brz-img\" src=\"https:\/\/sloengeldage.dk\/wp-content\/uploads\/cropped-Gummi-Tarzan-2_512x512-1.png\" loading=\"lazy\" alt=\"\" title=\"cropped-Gummi-Tarzan-2_512x512-1.png\"><\/a><\/div>\n<\/div>\n<\/div>\n<\/div>\n<div class=\"brz-columns brz-css-d-column-column brz-css-1uvot2c\" data-brz-custom-id=\"kmw1zxEApEES\">\n<div class=\"brz-column__items brz-css-d-column-bg brz-css-59sj7i\">\n<div id=\"\" class=\"brz-css-d-wrapper brz-css-6i8wam brz-wrapper\">\n<div class=\"brz-image brz-css-d-image-ebbdotd8hcrx-parent brz-css-l1s2cv\" data-brz-custom-id=\"eBbDoTD8hCRX\"><a class=\"brz-a\" target=\"_self\" rel=\"noopener\" href=\"https:\/\/sloengeldage.dk\/index.php\/mobilforside\/\" data-brz-link-type=\"page\"><img decoding=\"async\" class=\"brz-img\" src=\"https:\/\/sloengeldage.dk\/wp-content\/uploads\/sloengeldage_nyt_logo.png\" loading=\"lazy\" alt=\"\" title=\"sloengeldage_nyt_logo\"><\/a><\/div>\n<\/div>\n<\/div>\n<\/div>\n<\/div>\n<\/div>\n<div class=\"brz-row__container brz-css-d-row-row brz-css-6wjtzv\" data-brz-custom-id=\"gLM9vT2hxyfP\">\n<div class=\"brz-row brz-css-d-row-container brz-css-r-row-container brz-css-9wdcd6\">\n<div class=\"brz-columns brz-css-d-column-column brz-css-1jovivu\" data-brz-custom-id=\"ebU0qf8300R2\">\n<div class=\"brz-column__items brz-css-d-column-bg brz-css-x95fjr\">\n<div class=\"brz-wrapper-clone brz-flex-xs-wrap brz-css-d-cloneable brz-css-lxliqz\" data-brz-custom-id=\"yqkJEDfaAlDl\">\n<div class=\"brz-icon__container\" data-brz-custom-id=\"waTroVMCm1vC\"><a class=\"brz-a\" target=\"_self\" rel=\"noopener\" href=\"history.go(-1)\" data-brz-link-type=\"external\"><span class=\"brz-icon brz-span brz-css-d-icon-icon brz-css-qu8ia\" data-brz-tooltip-wrapper-id=\"waTroVMCm1vC\"><\/span><\/a><\/div>\n<p><span class=\"brz-tooltip brz-css-d-icon-tooltip brz-css-4uto02\" data-brz-tooltip-offset=\"10\" data-brz-tooltip-trigger=\"hover\" data-brz-tooltip-placement=\"top\" data-brz-element-id=\"waTroVMCm1vC\">Tilbage<span class=\"brz-tooltip--arrow\"><\/span><\/span><\/div>\n<\/div>\n<\/div>\n<div class=\"brz-columns brz-css-d-column-column brz-css-1rsrnoz\" data-brz-custom-id=\"qnp5b1piOSBn\">\n<div class=\"brz-column__items brz-css-d-column-bg brz-css-1efy95c\">\n<div class=\"brz-wrapper-clone brz-flex-xs-wrap brz-css-d-cloneable brz-css-akto89\" data-brz-custom-id=\"p5p0KQGvL228\">\n<div class=\"brz-icon__container\" data-brz-custom-id=\"hoK5v53DOhma\"><a class=\"brz-a\" target=\"_self\" rel=\"noopener\" href=\"https:\/\/sloengeldage.dk\/index.php\/mobilforside\/\" data-brz-link-type=\"page\"><span class=\"brz-icon brz-span brz-css-d-icon-icon brz-css-tw8ork\" data-brz-tooltip-wrapper-id=\"hoK5v53DOhma\"><\/span><\/a><\/div>\n<p><span class=\"brz-tooltip brz-css-d-icon-tooltip brz-css-1kd8enr\" data-brz-tooltip-offset=\"10\" data-brz-tooltip-trigger=\"hover\" data-brz-tooltip-placement=\"top\" data-brz-element-id=\"hoK5v53DOhma\">Forside<span class=\"brz-tooltip--arrow\"><\/span><\/span><\/div>\n<\/div>\n<\/div>\n<div class=\"brz-columns brz-css-d-column-column brz-css-cyzznr\" data-brz-custom-id=\"iKPsDfy_4ani\">\n<div class=\"brz-column__items brz-css-d-column-bg brz-css-4hknmt\">\n<div id=\"\" class=\"brz-css-d-wrapper brz-css-1qwnosh brz-wrapper\">\n<div class=\"brz-rich-text brz-rich-text__custom brz-css-d-richtext brz-css-1k4vrus\" data-brz-custom-id=\"q0FhC5utPjUC\">\n<div data-brz-translate-text=\"1\">\n<p data-uniq-id=\"jHlMU\" data-generated-css=\"brz-css-slCbq\" class=\"brz-tp-lg-empty brz-ff-y0gaF530ilv7 brz-ft-upload brz-fs-lg-30 brz-fss-lg-px brz-fw-lg-700 brz-ls-lg-1_5 brz-lh-lg-1_3 brz-vfw-lg-400 brz-fwdth-lg-100 brz-fsft-lg-0 brz-text-lg-center brz-tp-xs-heading4 brz-css-f5Ysy\"><a class=\"link--page brz-cp-color3\" href=\"https:\/\/sloengeldage.dk\/index.php\/program-kulturhuset-mobil\/\" data-brz-link-type=\"page\">Kultur-huset<\/a><\/p>\n<\/div>\n<\/div>\n<\/div>\n<\/div>\n<\/div>\n<div class=\"brz-columns brz-css-d-column-column brz-css-1xxhhgo\" data-brz-custom-id=\"ebu7bgMmV5B9\">\n<div class=\"brz-column__items brz-css-d-column-bg brz-css-4z3off\">\n<div id=\"\" class=\"brz-css-d-wrapper brz-css-1hqlnf0 brz-wrapper\">\n<div class=\"brz-rich-text brz-rich-text__custom brz-css-d-richtext brz-css-1p0on7r\" data-brz-custom-id=\"wckq8mtd5jyM\">\n<div data-brz-translate-text=\"1\">\n<p class=\"brz-fsft-lg-0 brz-fwdth-lg-100 brz-vfw-lg-400 brz-lh-lg-1_3 brz-ls-lg-1_5 brz-fw-lg-700 brz-fss-lg-px brz-fs-lg-30 brz-ft-upload brz-ff-y0gaF530ilv7 brz-tp-lg-empty brz-text-lg-center brz-tp-xs-heading4 brz-css-bNdn_\" data-generated-css=\"brz-css-q_ItY\" data-uniq-id=\"qCoJa\"><a class=\"link--page brz-cp-color3\" href=\"https:\/\/sloengeldage.dk\/index.php\/program-byparken-mobil\/\" data-brz-link-type=\"page\">By-parken<\/a><\/p>\n<\/div>\n<\/div>\n<\/div>\n<\/div>\n<\/div>\n<div class=\"brz-columns brz-css-d-column-column brz-css-5vfv9e\" data-brz-custom-id=\"wKdOzIYiIaiu\">\n<div class=\"brz-column__items brz-css-d-column-bg brz-css-1khvfvj\">\n<div id=\"\" class=\"brz-css-d-wrapper brz-css-zeme7i brz-wrapper\">\n<div class=\"brz-rich-text brz-rich-text__custom brz-css-d-richtext brz-css-pmnriy\" data-brz-custom-id=\"aRQ_Gq_IpxDL\">\n<div data-brz-translate-text=\"1\">\n<p class=\"brz-fsft-lg-0 brz-fwdth-lg-100 brz-vfw-lg-400 brz-lh-lg-1_3 brz-ls-lg-1_5 brz-fw-lg-700 brz-fss-lg-px brz-fs-lg-30 brz-ft-upload brz-ff-y0gaF530ilv7 brz-tp-lg-empty brz-text-lg-center brz-tp-xs-heading4 brz-css-tjKO3\" data-generated-css=\"brz-css-gu8_M\" data-uniq-id=\"jPlWQ\"><a class=\"link--page brz-cp-color3\" href=\"https:\/\/sloengeldage.dk\/index.php\/program-kulturtorv-mobil\/\" data-brz-link-type=\"page\">Kultur-torvet<\/a><\/p>\n<\/div>\n<\/div>\n<\/div>\n<\/div>\n<\/div>\n<\/div>\n<\/div>\n<\/div>\n<\/div>\n<\/section>\n<section id=\"mlc1IIQDbQ8F_mlc1IIQDbQ8F\" class=\"brz-section brz-css-d-section brz-css-1g3pktz\">\n<div class=\"brz-section__content brz-section--boxed brz-css-d-sectionitem-bg brz-css-ykza2c\" data-brz-custom-id=\"rfzbNymCoYXZ\">\n<div class=\"brz-bg\">\n<div class=\"brz-bg-color\"><\/div>\n<\/div>\n<div class=\"brz-container brz-css-d-sectionitem-container brz-css-112vjw9\">\n<div class=\"brz-row__container brz-css-d-row-row brz-css-1bmexwm\" data-brz-custom-id=\"scChC6ezOlKb\">\n<div class=\"brz-row brz-css-d-row-container brz-css-r-row-container brz-css-reqo6d\">\n<div class=\"brz-columns brz-css-d-column-column brz-css-62s2za\" data-brz-custom-id=\"tMOepZlYS2ew\">\n<div class=\"brz-column__items brz-css-d-column-bg brz-css-1ha7dx0\">\n<div id=\"\" class=\"brz-css-d-wrapper brz-css-yjampn brz-wrapper\">\n<div class=\"brz-rich-text brz-rich-text__custom brz-css-d-richtext brz-css-yu4cq0\" data-brz-custom-id=\"xSHO6tdh9pid\">\n<div data-brz-translate-text=\"1\">\n<h1 class=\"brz-ls-lg-1_5 brz-fw-lg-700 brz-fss-lg-px brz-fs-lg-30 brz-ft-upload brz-ff-y0gaF530ilv7 brz-fsft-lg-0 brz-fwdth-lg-100 brz-vfw-lg-400 brz-lh-lg-1_3 brz-text-lg-center ql-align-center brz-tp-lg-heading1 brz-css-o7hlh\" data-uniq-id=\"z6Wv7\" data-generated-css=\"brz-css-r70rX\"><span class=\"brz-cp-color5\">Hunden Ib &#8211; en fort\u00e6llekoncert<\/span><\/h1>\n<\/div>\n<\/div>\n<\/div>\n<div id=\"\" class=\"brz-css-d-wrapper brz-css-q0041n brz-wrapper\">\n<div class=\"brz-rich-text brz-rich-text__custom brz-css-d-richtext brz-css-h8b3r\" data-brz-custom-id=\"wFjfpA0q4dpW\">\n<div data-brz-translate-text=\"1\">\n<h3 class=\"brz-tp-lg-heading3 brz-fsft-lg-0 brz-fwdth-lg-100 brz-vfw-lg-400 brz-lh-lg-1_7 brz-ls-lg-0 brz-fw-lg-400 brz-fss-lg-px brz-fs-lg-20 brz-ft-google brz-ff-roboto brz-css-pqAOd\" data-generated-css=\"brz-css-tY820\" data-uniq-id=\"sVR4i\"><span class=\"brz-cp-color3 brz-bgp-color8 brz-span\">Kl. 10.45-11.15, <\/span><span class=\"brz-cp-color3 brz-bgp-color8 brz-span\" style=\"background-color: transparent\">Biblioteksscenen<\/span><span class=\"brz-bgp-color8 brz-cp-color1 brz-span\" style=\"background-color: transparent\"> <\/span><\/h3>\n<p class=\"brz-tp-lg-paragraph brz-fsft-lg-0 brz-fwdth-lg-100 brz-vfw-lg-400 brz-lh-lg-1_7 brz-ls-lg-0 brz-fw-lg-400 brz-fss-lg-px brz-fs-lg-20 brz-ft-google brz-ff-roboto brz-css-sRydV\" data-generated-css=\"brz-css-mj66p\" data-uniq-id=\"ek37V\"><span class=\"brz-bgp-color8 brz-cp-color1 brz-span\" style=\"background-color: transparent\">Sp\u00e6ndende fort\u00e6llekoncert med den lille nysgerrige og fantasifulde hund Ib, hvor publikum kan opleve stemmen bag fort\u00e6llingerne om \u201dHunden Ib\u201d. Peter Nordahl optr\u00e6der sammen med sin faste musiker i b\u00f8rneh\u00f8jde med en tryllebindende forestilling med fort\u00e6llinger og sange fra universet \u201dHunden Ib\u201d. P\u00e5 scenen har han en k\u00e6mpebog, hvor illustrationer danner en r\u00f8d tr\u00e5d i fort\u00e6llingerne, s\u00e5 b\u00f8rnene kan f\u00f8lge med. Dette er en autentisk forestilling, hvor publikum f\u00e5r lov at lytte, se og m\u00e6rke n\u00e6rv\u00e6ret &#8211; uden filter.<\/span><\/p>\n<\/div>\n<\/div>\n<\/div>\n<div class=\"brz-wrapper-clone brz-flex-xs-wrap brz-css-d-cloneable brz-css-e7ivgi\" data-brz-custom-id=\"qlzK3AV5GCLp\"><a class=\"brz-a brz-btn brz-css-d-button brz-css-1gv7v97 brz-css-d-button-bg brz-css-k2oz8e\" target=\"_self\" rel=\"noopener\" href=\"https:\/\/hundenib.dk\/\" data-brz-link-type=\"external\" data-brz-custom-id=\"jMWBGzIGrNN1\"><span data-brz-translate-text=\"1\" class=\"brz-span brz-text__editor\">L\u00e6s mere om Hunden Ib<\/span><\/a><\/div>\n<div id=\"\" class=\"brz-css-d-wrapper brz-css-1dj80a8 brz-wrapper\">\n<div class=\"brz-image brz-css-d-image-nlgrecxlpgtw-parent brz-css-5ydg6k\" data-brz-custom-id=\"nLgrecXLPgtW\"><img decoding=\"async\" class=\"brz-img\" src=\"https:\/\/sloengeldage.dk\/wp-content\/uploads\/Hunden-Ib-fortaellerkoncert_billede_kvadratisk_01.jpg\" loading=\"lazy\" alt=\"\" title=\"Hunden Ib fort\u00e6llerkoncert_billede_kvadratisk_01\"><\/div>\n<\/div>\n<\/div>\n<\/div>\n<\/div>\n<\/div>\n<\/div>\n<\/div>\n<\/section>\n<section id=\"uPBQmFkRPwEG_uPBQmFkRPwEG\" class=\"brz-section brz-css-d-section brz-css-1y9foqv\">\n<div class=\"brz-section__content brz-section--boxed brz-css-d-sectionitem-bg brz-css-gf3dv3\" data-brz-custom-id=\"lKdFJxcdZY5T\">\n<div class=\"brz-bg\">\n<div class=\"brz-bg-color\"><\/div>\n<\/div>\n<div class=\"brz-container brz-css-d-sectionitem-container brz-css-hkred\">\n<div class=\"brz-row__container brz-css-d-row-row brz-css-1pxjv0i\" data-brz-custom-id=\"pVT0FH2kZtwG\">\n<div class=\"brz-row brz-css-d-row-container brz-css-r-row-container brz-css-schnef\">\n<div class=\"brz-columns brz-css-d-column-column brz-css-8d1hvu\" data-brz-custom-id=\"clEnCvV1mKb0\">\n<div class=\"brz-column__items brz-css-d-column-bg brz-css-ee45lg\">\n<div id=\"\" class=\"brz-css-d-wrapper brz-css-lv4k48 brz-wrapper\">\n<div class=\"brz-rich-text brz-rich-text__custom brz-css-d-richtext brz-css-mrj53e\" data-brz-custom-id=\"fg3nvQuc9wvh\">\n<div data-brz-translate-text=\"1\">\n<p class=\"brz-tp-lg-paragraph brz-text-lg-center brz-css-a5UhF\" data-uniq-id=\"ojPnU\" data-generated-css=\"brz-css-v_9Gl\"><a class=\"link--page brz-cp-color1 brz-bgp-color8\" href=\"https:\/\/sloengeldage.dk\/index.php\/kontakt\/\" data-brz-link-type=\"page\">Kontakt Di Heslige Sl\u00f8nglers Klup<\/a><\/p>\n<\/div>\n<\/div>\n<\/div>\n<\/div>\n<\/div>\n<div class=\"brz-columns brz-css-d-column-column brz-css-1s0lcbf\" data-brz-custom-id=\"xzmaf2B9MG0N\">\n<div class=\"brz-column__items brz-css-d-column-bg brz-css-1cskxam\">\n<div id=\"\" class=\"brz-css-d-wrapper brz-css-1vg08rm brz-wrapper\">\n<div class=\"brz-rich-text brz-rich-text__custom brz-css-d-richtext brz-css-1erljpm\" data-brz-custom-id=\"skSS24RWw2i9\">\n<div data-brz-translate-text=\"1\">\n<p class=\"brz-tp-lg-paragraph brz-text-lg-center brz-css-vPGFA\" data-uniq-id=\"zIrET\" data-generated-css=\"brz-css-mSOvL\"><a class=\"link--page brz-cp-color1 brz-bgp-color8\" href=\"https:\/\/sloengeldage.dk\/index.php\/privatslivserklaering\/\" data-brz-link-type=\"page\">Privatlivserkl\u00e6ring<\/a><\/p>\n<\/div>\n<\/div>\n<\/div>\n<\/div>\n<\/div>\n<\/div>\n<\/div>\n<\/div>\n<\/div>\n<\/section><\/div>\n<p><!-- version:1775555230 --><\/p>\n","protected":false},"excerpt":{"rendered":"<p>Tilbage Forside Kultur-huset By-parken Kultur-torvet Hunden Ib &#8211; en fort\u00e6llekoncert Kl. 10.45-11.15, Biblioteksscenen Sp\u00e6ndende fort\u00e6llekoncert med den lille nysgerrige og fantasifulde hund Ib, hvor publikum kan opleve stemmen bag fort\u00e6llingerne om \u201dHunden Ib\u201d. Peter Nordahl optr\u00e6der sammen med sin faste musiker i b\u00f8rneh\u00f8jde med en tryllebindende forestilling med fort\u00e6llinger og sange fra universet \u201dHunden Ib\u201d. &hellip; <\/p>\n<p class=\"link-more\"><a href=\"https:\/\/sloengeldage.dk\/index.php\/hunden-ib-mobil\/\" class=\"more-link\">Continue reading<span class=\"screen-reader-text\"> &#8220;Hunden Ib mobil&#8221;<\/span><\/a><\/p>\n","protected":false},"author":1,"featured_media":0,"parent":0,"menu_order":0,"comment_status":"closed","ping_status":"closed","template":"brizy-blank-template.php","meta":{"footnotes":""},"folder":[116],"class_list":["post-4007","page","type-page","status-publish","hentry","entry"],"brizy_media":[{"id":3185,"url":"https:\/\/sloengeldage.dk\/wp-content\/uploads\/Hunden-Ib-fortaellerkoncert-Ib_billede_rektangle_01-1536x614-1.jpg","name":"Hunden-Ib-fortaellerkoncert-Ib_billede_rektangle_01-1536x614-1.jpg","meta":{"brizy_attachment_uid":"wp-c929e0acac3a27d3c9854d474654c331.jpg","brizy_post_uid":["04d9a7811be6c06f96cd3c04be2f7db9"]}},{"id":3244,"url":"https:\/\/sloengeldage.dk\/wp-content\/uploads\/Wulffmorgenthaler_03-1536x1024-1.jpg","name":"Wulffmorgenthaler_03-1536x1024-1.jpg","meta":{"brizy_attachment_uid":"wp-27e02ea65abb258caf4815d0dbd3b93d.jpg","brizy_post_uid":["04d9a7811be6c06f96cd3c04be2f7db9"]}},{"id":3781,"url":"https:\/\/sloengeldage.dk\/wp-content\/uploads\/Hunden-Ib-fortaellerkoncert_billede_kvadratisk_01.jpg","name":"Hunden-Ib-fortaellerkoncert_billede_kvadratisk_01.jpg","meta":{"brizy_attachment_uid":"wp-3d969b5c7e563bbb9efec6e6541aa977.jpg","brizy_post_uid":["9b5f29d05a2c519c2e0b5d9eee63fd66","04d9a7811be6c06f96cd3c04be2f7db9"]}},{"id":3784,"url":"https:\/\/sloengeldage.dk\/wp-content\/uploads\/Thomas-Knappe-scaled.png","name":"Thomas-Knappe.png","meta":{"brizy_attachment_uid":"wp-2857f3a7e520ee8a415efca655020d21.png","brizy_post_uid":["9b5f29d05a2c519c2e0b5d9eee63fd66","583c923eed38b04f44000e2ff3593cd9","04d9a7811be6c06f96cd3c04be2f7db9","4222ffb1a7654431728ebf24c370d792"]}},{"id":3786,"url":"https:\/\/sloengeldage.dk\/wp-content\/uploads\/Billede-Radionauterne-scaled.jpg","name":"Billede-Radionauterne.jpg","meta":{"brizy_attachment_uid":"wp-6e95ec5307ed465004d10701d8a28913.jpg","brizy_post_uid":["9b5f29d05a2c519c2e0b5d9eee63fd66","04d9a7811be6c06f96cd3c04be2f7db9"]}},{"id":3787,"url":"https:\/\/sloengeldage.dk\/wp-content\/uploads\/WulffMorgenthaler-scaled.jpg","name":"WulffMorgenthaler.jpg","meta":{"brizy_attachment_uid":"wp-6be80e39e2f8d9118117ea603c746745.jpg","brizy_post_uid":["9b5f29d05a2c519c2e0b5d9eee63fd66","04d9a7811be6c06f96cd3c04be2f7db9"]}},{"id":3827,"url":"https:\/\/sloengeldage.dk\/wp-content\/uploads\/Farveskyen-tegneworkshop-BRUG-denne.jpeg","name":"Farveskyen-tegneworkshop-BRUG-denne.jpeg","meta":{"brizy_attachment_uid":"wp-b13bd3e900c0b21710361812100497a5.jpeg","brizy_post_uid":["9b5f29d05a2c519c2e0b5d9eee63fd66","04d9a7811be6c06f96cd3c04be2f7db9"]}}],"_links":{"self":[{"href":"https:\/\/sloengeldage.dk\/index.php\/wp-json\/wp\/v2\/pages\/4007","targetHints":{"allow":["GET"]}}],"collection":[{"href":"https:\/\/sloengeldage.dk\/index.php\/wp-json\/wp\/v2\/pages"}],"about":[{"href":"https:\/\/sloengeldage.dk\/index.php\/wp-json\/wp\/v2\/types\/page"}],"author":[{"embeddable":true,"href":"https:\/\/sloengeldage.dk\/index.php\/wp-json\/wp\/v2\/users\/1"}],"replies":[{"embeddable":true,"href":"https:\/\/sloengeldage.dk\/index.php\/wp-json\/wp\/v2\/comments?post=4007"}],"version-history":[{"count":5,"href":"https:\/\/sloengeldage.dk\/index.php\/wp-json\/wp\/v2\/pages\/4007\/revisions"}],"predecessor-version":[{"id":5691,"href":"https:\/\/sloengeldage.dk\/index.php\/wp-json\/wp\/v2\/pages\/4007\/revisions\/5691"}],"wp:attachment":[{"href":"https:\/\/sloengeldage.dk\/index.php\/wp-json\/wp\/v2\/media?parent=4007"}],"wp:term":[{"taxonomy":"folder","embeddable":true,"href":"https:\/\/sloengeldage.dk\/index.php\/wp-json\/wp\/v2\/folder?post=4007"}],"curies":[{"name":"wp","href":"https:\/\/api.w.org\/{rel}","templated":true}]}}