{"id":3313,"date":"2026-02-17T11:32:19","date_gmt":"2026-02-17T11:32:19","guid":{"rendered":"https:\/\/sloengeldage.dk\/index.php\/pakke-e-mob\/"},"modified":"2026-05-06T11:05:19","modified_gmt":"2026-05-06T11:05:19","slug":"pakke-e-mob","status":"publish","type":"page","link":"https:\/\/sloengeldage.dk\/index.php\/pakke-e-mob\/","title":{"rendered":"Pakke E mobil"},"content":{"rendered":"<div class=\"brz brz-root__container brz-reset-all brz-root__container-page\">\n<section id=\"etfjCXjyt_hV_etfjCXjyt_hV\" class=\"brz-section brz-css-d-section brz-css-slv98r\">\n<div class=\"brz-section__content brz-section--boxed brz-css-d-sectionitem-bg brz-css-1db6a63\" data-brz-custom-id=\"ueU35hDszvOR\">\n<div class=\"brz-container brz-css-d-sectionitem-container brz-css-19752zc\">\n<div class=\"brz-row__container brz-css-d-row-row brz-css-wsztq7\" data-brz-custom-id=\"koSnC_tuLnoy\">\n<div class=\"brz-row brz-css-d-row-container brz-css-r-row-container brz-css-t9sn5s\">\n<div class=\"brz-columns brz-css-d-column-column brz-css-hmp55r\" data-brz-custom-id=\"zCgMC5Xm_B6e\">\n<div class=\"brz-column__items brz-css-d-column-bg brz-css-8l32xp\">\n<div id=\"\" class=\"brz-css-d-wrapper brz-css-1e4hr4c brz-wrapper\">\n<div class=\"brz-image brz-css-d-image-pjbccyqvwnyl-parent brz-css-1jvz336\" data-brz-custom-id=\"pJBccyqvWnyl\"><a class=\"brz-a\" target=\"_self\" rel=\"noopener\" href=\"https:\/\/sloengeldage.dk\/index.php\/mobilforside\/\" data-brz-link-type=\"page\"><img decoding=\"async\" class=\"brz-img\" src=\"https:\/\/sloengeldage.dk\/wp-content\/uploads\/cropped-Gummi-Tarzan-2_512x512-1.png\" loading=\"lazy\" alt=\"\" title=\"cropped-Gummi-Tarzan-2_512x512-1.png\"><\/a><\/div>\n<\/div>\n<\/div>\n<\/div>\n<div class=\"brz-columns brz-css-d-column-column brz-css-w4mzkp\" data-brz-custom-id=\"jtasarMZlOMO\">\n<div class=\"brz-column__items brz-css-d-column-bg brz-css-781c3q\">\n<div id=\"\" class=\"brz-css-d-wrapper brz-css-177kg5m brz-wrapper\">\n<div class=\"brz-image brz-css-d-image-cbwieaz4me6j-parent brz-css-1ybj4ts\" data-brz-custom-id=\"cbWieaZ4Me6J\"><a class=\"brz-a\" target=\"_self\" rel=\"noopener\" href=\"https:\/\/sloengeldage.dk\/index.php\/mobilforside\/\" data-brz-link-type=\"page\"><img decoding=\"async\" class=\"brz-img\" src=\"https:\/\/sloengeldage.dk\/wp-content\/uploads\/sloengeldage_nyt_logo.png\" loading=\"lazy\" alt=\"\" title=\"sloengeldage_nyt_logo\"><\/a><\/div>\n<\/div>\n<\/div>\n<\/div>\n<\/div>\n<\/div>\n<\/div>\n<\/div>\n<\/section>\n<section id=\"xyOOg_VT8Hqh_xyOOg_VT8Hqh\" class=\"brz-section brz-css-d-section brz-css-3vahv5\">\n<div class=\"brz-section__content brz-section--boxed brz-css-d-sectionitem-bg brz-css-taatlb\" data-brz-custom-id=\"e2cjNckaK1tF\">\n<div class=\"brz-bg\">\n<div class=\"brz-bg-color\"><\/div>\n<\/div>\n<div class=\"brz-container brz-css-d-sectionitem-container brz-css-kr1c8t\">\n<div class=\"brz-row__container brz-css-d-row-row brz-css-q277gx\" data-brz-custom-id=\"g8knVDPHnl5X\">\n<div class=\"brz-row brz-css-d-row-container brz-css-r-row-container brz-css-1jsevnw\">\n<div class=\"brz-columns brz-css-d-column-column brz-css-svdj5z\" data-brz-custom-id=\"qReM6XtkvI_A\">\n<div class=\"brz-column__items brz-css-d-column-bg brz-css-1mdigwf\">\n<div id=\"\" class=\"brz-css-d-wrapper brz-css-1ybsz7u brz-wrapper\">\n<div class=\"brz-rich-text brz-rich-text__custom brz-css-d-richtext brz-css-1kp40eg\" data-brz-custom-id=\"v6ZEsHpsSTku\">\n<div data-brz-translate-text=\"1\">\n<p class=\"brz-tp-lg-empty brz-ff-roboto brz-ft-google brz-fs-lg-25 brz-fss-lg-px brz-fw-lg-700 brz-ls-lg-m_1_5 brz-lh-lg-1_3 brz-vfw-lg-400 brz-fwdth-lg-100 brz-fsft-lg-0 brz-css-f2UWU\" data-generated-css=\"brz-css-elOCL\" data-uniq-id=\"k3Qpp\"><span class=\"brz-cp-color5\"> <\/span><a class=\"brz-cp-color3 link--page\" href=\"https:\/\/sloengeldage.dk\/index.php\/mob-skoler\/\" data-brz-link-type=\"page\"><strong>Retur til Sl\u00f8ngeldag for skoler<\/strong><\/a><\/p>\n<p class=\"brz-tp-lg-empty brz-ff-roboto brz-ft-google brz-fs-lg-25 brz-fss-lg-px brz-fw-lg-700 brz-ls-lg-m_1_5 brz-lh-lg-1_3 brz-vfw-lg-400 brz-fwdth-lg-100 brz-fsft-lg-0 brz-css-aTb_n\" data-generated-css=\"brz-css-vBDkV\" data-uniq-id=\"xjANr\"><span class=\"brz-cp-color5\"> <\/span><\/p>\n<p class=\"brz-tp-lg-empty brz-ff-roboto brz-ft-google brz-fs-lg-25 brz-fss-lg-px brz-fw-lg-700 brz-ls-lg-m_1_5 brz-lh-lg-1_3 brz-vfw-lg-400 brz-fwdth-lg-100 brz-fsft-lg-0 brz-css-siRYV\" data-generated-css=\"brz-css-kpZ1x\" data-uniq-id=\"hPRZS\"><span class=\"brz-cp-color5\">Pakke E: <\/span><span class=\"brz-cp-color5 brz-span\">Morten B\u00f8rupskolen, H\u00f8jboskolen og Gl. Rye Skole<\/span><\/p>\n<\/div>\n<\/div>\n<\/div>\n<div id=\"\" class=\"brz-css-d-wrapper brz-css-1m4aprt brz-wrapper\">\n<div class=\"brz-rich-text brz-rich-text__custom brz-css-d-richtext brz-css-dppm61\" data-brz-custom-id=\"lHHzKDGr9LwE\">\n<div data-brz-translate-text=\"1\">\n<p class=\"brz-tp-lg-paragraph brz-css-s_Zru\" data-uniq-id=\"d5xty\" data-generated-css=\"brz-css-nAyLQ\"><span class=\"brz-cp-color1\">Program (Pakke E)<\/span><\/p>\n<\/div>\n<\/div>\n<\/div>\n<div class=\"brz-row__container brz-css-d-row-row brz-css-3zpddz\" data-brz-custom-id=\"yuxTWOv4q60V\">\n<div class=\"brz-row brz-row--inner brz-css-d-row-container brz-css-r-row-container brz-css-17v2r69\">\n<div class=\"brz-columns brz-css-d-column-column brz-css-nun82h\" data-brz-custom-id=\"qJT4mVItJy8n\">\n<div class=\"brz-column__items brz-css-d-column-bg brz-css-1utbllw\">\n<div id=\"\" class=\"brz-css-d-wrapper brz-css-ewo0x7 brz-wrapper\">\n<div class=\"brz-rich-text brz-rich-text__custom brz-css-d-richtext brz-css-i3n3rg\" data-brz-custom-id=\"vjYScv2OmBbo\">\n<div data-brz-translate-text=\"1\">\n<p class=\"brz-tp-lg-paragraph brz-css-tj5f4\" data-uniq-id=\"iuUqg\" data-generated-css=\"brz-css-dKnAP\"><span class=\"brz-cp-color7\">09.30 &#8211; 10.15&nbsp;<\/span><\/p>\n<\/div>\n<\/div>\n<\/div>\n<\/div>\n<\/div>\n<div class=\"brz-columns brz-css-d-column-column brz-css-ie318u\" data-brz-custom-id=\"cqnk8hXhnoXF\">\n<div class=\"brz-column__items brz-css-d-column-bg brz-css-1nwis5t\">\n<div id=\"\" class=\"brz-css-d-wrapper brz-css-1srt0ll brz-wrapper\">\n<div class=\"brz-rich-text brz-rich-text__custom brz-css-d-richtext brz-css-f4lel4\" data-brz-custom-id=\"zGUFpRMB0XZ4\">\n<div data-brz-translate-text=\"1\">\n<p class=\"brz-tp-lg-empty brz-ff-roboto brz-ft-google brz-fs-lg-18 brz-fss-lg-px brz-fw-lg-700 brz-ls-lg-0_5 brz-lh-lg-1_7 brz-vfw-lg-400 brz-fwdth-lg-100 brz-fsft-lg-0 brz-css-t5Qcw\" data-uniq-id=\"kOekr\" data-generated-css=\"brz-css-o6dC0\"><strong class=\"brz-cp-color1\" style=\"background-color: transparent\">LG Jensen &amp; Emil Landgreen<\/strong><\/p>\n<p class=\"brz-tp-lg-paragraph brz-css-d0ZoG\" data-uniq-id=\"zp7HB\" data-generated-css=\"brz-css-wF2kY\"><span class=\"brz-cp-color1\"> <\/span><\/p>\n<p class=\"brz-tp-lg-paragraph brz-fsft-lg-0 brz-fwdth-lg-100 brz-vfw-lg-400 brz-lh-lg-1_7 brz-ls-lg-0_5 brz-fw-lg-400 brz-fss-lg-px brz-fs-lg-18 brz-ft-google brz-ff-roboto brz-css-ga0PQ\" data-uniq-id=\"n_gPc\" data-generated-css=\"brz-css-nj3KU\"><span>Morten B\u00f8rup aula<\/span><\/p>\n<p class=\"brz-tp-lg-paragraph brz-css-eGOpT\" data-uniq-id=\"qfkQv\" data-generated-css=\"brz-css-w3e0R\"><span class=\"brz-cp-color1\"> <\/span><\/p>\n<p class=\"brz-tp-lg-paragraph brz-css-yAZa2\" data-uniq-id=\"yBtiH\" data-generated-css=\"brz-css-xsoh9\"><a class=\"brz-cp-color1 link--page\" href=\"https:\/\/sloengeldage.dk\/index.php\/lg-jensen-og-sandra-schwartz\/\" data-brz-link-type=\"page\">L\u00e6s mere <\/a><\/p>\n<\/div>\n<\/div>\n<\/div>\n<\/div>\n<\/div>\n<div class=\"brz-columns brz-css-d-column-column brz-css-xcvq23\" data-brz-custom-id=\"cYn2IVduNVOc\">\n<div class=\"brz-column__items brz-css-d-column-bg brz-css-1645gea\">\n<div id=\"\" class=\"brz-css-d-wrapper brz-css-ir2vu5 brz-wrapper\">\n<div class=\"brz-image brz-css-d-image-neivmibjr6wf-parent brz-css-hdgwrd\" data-brz-custom-id=\"nEiVMIbjR6WF\"><a class=\"brz-a\" target=\"_self\" rel=\"noopener\" href=\"https:\/\/sloengeldage.dk\/index.php\/sigurd-barrett\/\" data-brz-link-type=\"page\"><img decoding=\"async\" class=\"brz-img\" src=\"https:\/\/sloengeldage.dk\/wp-content\/uploads\/IMG_7069.jpg\" loading=\"lazy\" alt=\"\" title=\"IMG_7069\"><\/a><\/div>\n<\/div>\n<\/div>\n<\/div>\n<\/div>\n<\/div>\n<\/div>\n<\/div>\n<\/div>\n<\/div>\n<div id=\"\" class=\"brz-css-d-wrapper brz-css-an1vq4 brz-wrapper\">\n<div class=\"brz-rich-text brz-rich-text__custom brz-css-d-richtext brz-css-q6u52e\" data-brz-custom-id=\"vbp2APQCdPqr\">\n<div data-brz-translate-text=\"1\">\n<p class=\"brz-tp-lg-paragraph brz-css-wyaWa\" data-generated-css=\"brz-css-e3I1J\" data-uniq-id=\"cYFG7\"><span class=\"brz-cp-color1\">10.15 &#8211; 10.45 Pause (30 min)<\/span><\/p>\n<\/div>\n<\/div>\n<\/div>\n<div class=\"brz-row__container brz-css-d-row-row brz-css-r7kgwl\" data-brz-custom-id=\"i82EqM80j46U\">\n<div class=\"brz-row brz-css-d-row-container brz-css-r-row-container brz-css-1bq4yoj\">\n<div class=\"brz-columns brz-css-d-column-column brz-css-1ldvgg7\" data-brz-custom-id=\"sib4eDxmMQAF\">\n<div class=\"brz-column__items brz-css-d-column-bg brz-css-19648td\">\n<div class=\"brz-row__container brz-css-d-row-row brz-css-196a8sm\" data-brz-custom-id=\"s6Ea8gUCMdDp\">\n<div class=\"brz-row brz-row--inner brz-css-d-row-container brz-css-r-row-container brz-css-ervet\">\n<div class=\"brz-columns brz-css-d-column-column brz-css-tvweb\" data-brz-custom-id=\"eUx0YrfNTuy5\">\n<div class=\"brz-column__items brz-css-d-column-bg brz-css-1iolmh9\">\n<div id=\"\" class=\"brz-css-d-wrapper brz-css-11jm4pz brz-wrapper\">\n<div class=\"brz-rich-text brz-rich-text__custom brz-css-d-richtext brz-css-c502hh\" data-brz-custom-id=\"jdfLFaf671yS\">\n<div data-brz-translate-text=\"1\">\n<p class=\"brz-tp-lg-paragraph brz-css-u01FX\" data-generated-css=\"brz-css-rjiZA\" data-uniq-id=\"i7Bb8\"><span class=\"brz-cp-color7\">10.45 &#8211; 11.30<\/span><\/p>\n<\/div>\n<\/div>\n<\/div>\n<\/div>\n<\/div>\n<div class=\"brz-columns brz-css-d-column-column brz-css-1lkt0mo\" data-brz-custom-id=\"opEpDfc9E6YX\">\n<div class=\"brz-column__items brz-css-d-column-bg brz-css-4nforl\">\n<div id=\"\" class=\"brz-css-d-wrapper brz-css-1or3zl brz-wrapper\">\n<div class=\"brz-rich-text brz-rich-text__custom brz-css-d-richtext brz-css-1cpj8i7\" data-brz-custom-id=\"jbvlDeib1Qcd\">\n<div data-brz-translate-text=\"1\">\n<p class=\"brz-tp-lg-empty brz-ff-roboto brz-ft-google brz-fs-lg-18 brz-fss-lg-px brz-fw-lg-700 brz-ls-lg-0_5 brz-lh-lg-1_7 brz-vfw-lg-400 brz-fwdth-lg-100 brz-fsft-lg-0 brz-css-wrNb9\" data-generated-css=\"brz-css-p5GxK\" data-uniq-id=\"ccC6N\"><strong class=\"brz-cp-color1\" style=\"background-color: transparent\">LG Jensen &amp; Emil Landgreen<\/strong><span style=\"background-color: initial\"> <\/span><\/p>\n<p class=\"brz-tp-lg-paragraph brz-css-lEP0M\" data-generated-css=\"brz-css-txRvq\" data-uniq-id=\"dPDNQ\"><span class=\"brz-cp-color1\">Morten B\u00f8rup aula<\/span><\/p>\n<p class=\"brz-tp-lg-paragraph brz-css-eD8IF\" data-generated-css=\"brz-css-fIZyq\" data-uniq-id=\"mS9D0\"><span class=\"brz-cp-color1\"> <\/span><\/p>\n<p class=\"brz-tp-lg-paragraph brz-css-nI1ua\" data-generated-css=\"brz-css-gUlVL\" data-uniq-id=\"vpaLK\"><a class=\"brz-cp-color1 link--page\" href=\"https:\/\/sloengeldage.dk\/index.php\/lg-jensen-og-sandra-schwartz\/\" data-brz-link-type=\"page\">L\u00e6s mere <\/a><\/p>\n<\/div>\n<\/div>\n<\/div>\n<\/div>\n<\/div>\n<div class=\"brz-columns brz-css-d-column-column brz-css-2z27df\" data-brz-custom-id=\"vOCxcwGdzLj9\">\n<div class=\"brz-column__items brz-css-d-column-bg brz-css-2drhsn\">\n<div id=\"\" class=\"brz-css-d-wrapper brz-css-1r4ety3 brz-wrapper\">\n<div class=\"brz-image brz-css-d-image-oa5qaqm5g8wo-parent brz-css-1b34cxl\" data-brz-custom-id=\"oA5QaqM5g8WO\"><a class=\"brz-a\" target=\"_self\" rel=\"noopener\" href=\"https:\/\/sloengeldage.dk\/index.php\/nor-og-far\/\" data-brz-link-type=\"page\"><img decoding=\"async\" class=\"brz-img\" src=\"https:\/\/sloengeldage.dk\/wp-content\/uploads\/IMG_7069.jpg\" loading=\"lazy\" alt=\"\" title=\"IMG_7069\"><\/a><\/div>\n<\/div>\n<\/div>\n<\/div>\n<\/div>\n<\/div>\n<\/div>\n<\/div>\n<\/div>\n<\/div>\n<div id=\"\" class=\"brz-css-d-wrapper brz-css-8asbbg brz-wrapper\">\n<div class=\"brz-rich-text brz-rich-text__custom brz-css-d-richtext brz-css-oyh0e7\" data-brz-custom-id=\"szp_CIgkG05g\">\n<div data-brz-translate-text=\"1\">\n<p class=\"brz-tp-lg-paragraph brz-css-jzEhb\" data-generated-css=\"brz-css-wNkPH\" data-uniq-id=\"gDdnp\"><span class=\"brz-cp-color7\">11.30 &#8211; 12.15 Spisepause (45 min)<\/span><\/p>\n<\/div>\n<\/div>\n<\/div>\n<div class=\"brz-row__container brz-css-d-row-row brz-css-2wtnw2\" data-brz-custom-id=\"xP7jM2_T325H\">\n<div class=\"brz-row brz-css-d-row-container brz-css-r-row-container brz-css-c9crrf\">\n<div class=\"brz-columns brz-css-d-column-column brz-css-gi64ed\" data-brz-custom-id=\"zPo5kBmOsq2h\">\n<div class=\"brz-column__items brz-css-d-column-bg brz-css-uj1zbi\">\n<div class=\"brz-row__container brz-css-d-row-row brz-css-187i55a\" data-brz-custom-id=\"lQaN9375pBMI\">\n<div class=\"brz-row brz-row--inner brz-css-d-row-container brz-css-r-row-container brz-css-rqtp2l\">\n<div class=\"brz-columns brz-css-d-column-column brz-css-jvgann\" data-brz-custom-id=\"uyf1kfn2k5pm\">\n<div class=\"brz-column__items brz-css-d-column-bg brz-css-19gcwm2\">\n<div id=\"\" class=\"brz-css-d-wrapper brz-css-unnm4w brz-wrapper\">\n<div class=\"brz-rich-text brz-rich-text__custom brz-css-d-richtext brz-css-1dwkxwm\" data-brz-custom-id=\"tKLI3tny0a3X\">\n<div data-brz-translate-text=\"1\">\n<p class=\"brz-tp-lg-paragraph brz-css-aV2SI\" data-generated-css=\"brz-css-ieGFO\" data-uniq-id=\"c6YIw\"><span class=\"brz-cp-color7\">12.15 &#8211; 13.00<\/span><\/p>\n<\/div>\n<\/div>\n<\/div>\n<\/div>\n<\/div>\n<div class=\"brz-columns brz-css-d-column-column brz-css-131he3c\" data-brz-custom-id=\"uAi50LKkEK16\">\n<div class=\"brz-column__items brz-css-d-column-bg brz-css-1fibl38\">\n<div id=\"\" class=\"brz-css-d-wrapper brz-css-x3qg48 brz-wrapper\">\n<div class=\"brz-rich-text brz-rich-text__custom brz-css-d-richtext brz-css-qd0bro\" data-brz-custom-id=\"xKfzyIhYJ8Lq\">\n<div data-brz-translate-text=\"1\">\n<p class=\"brz-fsft-lg-0 brz-fwdth-lg-100 brz-vfw-lg-400 brz-lh-lg-1_7 brz-ls-lg-0_5 brz-fw-lg-700 brz-fss-lg-px brz-fs-lg-18 brz-ft-google brz-ff-roboto brz-tp-lg-empty brz-css-dU4oq\" data-generated-css=\"brz-css-ryItS\" data-uniq-id=\"gwdi_\"><strong class=\"brz-cp-color1\">Sigurd Barrett<\/strong><\/p>\n<p class=\"brz-tp-lg-paragraph brz-css-su9iX\" data-generated-css=\"brz-css-oBmfQ\" data-uniq-id=\"vCYKW\"><span class=\"brz-cp-color1\"> <\/span><\/p>\n<p class=\"brz-tp-lg-paragraph brz-css-z6kKK\" data-generated-css=\"brz-css-xDwPw\" data-uniq-id=\"otWdf\"><span class=\"brz-cp-color1\">Store Sal<\/span><span class=\"brz-cp-color1\">, Kulturhuset<\/span><span class=\"brz-cp-color1\"> <\/span><\/p>\n<p class=\"brz-tp-lg-paragraph brz-css-tHyuN\" data-generated-css=\"brz-css-arqFG\" data-uniq-id=\"h5U3V\"><span class=\"brz-cp-color1\"> <\/span><\/p>\n<p class=\"brz-tp-lg-paragraph brz-css-fIhVS\" data-generated-css=\"brz-css-rvYgC\" data-uniq-id=\"iemy9\"><a class=\"link--page brz-cp-color1\" href=\"https:\/\/sloengeldage.dk\/index.php\/sigurd-barrett\/\" data-brz-link-type=\"page\">L\u00e6s mere <\/a><\/p>\n<\/div>\n<\/div>\n<\/div>\n<\/div>\n<\/div>\n<div class=\"brz-columns brz-css-d-column-column brz-css-o6zdpj\" data-brz-custom-id=\"v92hoHKHlqer\">\n<div class=\"brz-column__items brz-css-d-column-bg brz-css-lhzs8o\">\n<div id=\"\" class=\"brz-css-d-wrapper brz-css-1gzrpmo brz-wrapper\">\n<div class=\"brz-image brz-css-d-image-dgimiydhwdim-parent brz-css-115rqqc\" data-brz-custom-id=\"dGimIydHWDim\"><a class=\"brz-a\" target=\"_self\" rel=\"noopener\" href=\"https:\/\/sloengeldage.dk\/index.php\/sophie-souid-thomas-hjorthaab\/\" data-brz-link-type=\"page\"><img decoding=\"async\" class=\"brz-img\" src=\"https:\/\/sloengeldage.dk\/wp-content\/uploads\/SB_Sigurd-fortaeller-om-Rummet.jpg\" loading=\"lazy\" alt=\"\" title=\"SB_Sigurd-fortaeller-om-Rummet\"><\/a><\/div>\n<\/div>\n<\/div>\n<\/div>\n<\/div>\n<\/div>\n<\/div>\n<\/div>\n<\/div>\n<\/div>\n<\/div>\n<\/div>\n<\/section>\n<section id=\"z8zOPJ0g3h60_z8zOPJ0g3h60\" class=\"brz-section brz-css-d-section brz-css-xzpqgk\">\n<div class=\"brz-section__content brz-section--boxed brz-css-d-sectionitem-bg brz-css-pnsiie\" data-brz-custom-id=\"d613pbptaBwn\">\n<div class=\"brz-bg\">\n<div class=\"brz-bg-color\"><\/div>\n<\/div>\n<div class=\"brz-container brz-css-d-sectionitem-container brz-css-1bn995c\">\n<div class=\"brz-row__container brz-css-d-row-row brz-css-7ub07x\" data-brz-custom-id=\"fxjEBUmhpzhA\">\n<div class=\"brz-row brz-css-d-row-container brz-css-r-row-container brz-css-113sgzx\">\n<div class=\"brz-columns brz-css-d-column-column brz-css-1b8hczy\" data-brz-custom-id=\"lcjWoNtPM_Pb\">\n<div class=\"brz-column__items brz-css-d-column-bg brz-css-1rw4a0h\">\n<div id=\"\" class=\"brz-css-d-wrapper brz-css-1eh2kgy brz-wrapper\">\n<div class=\"brz-rich-text brz-rich-text__custom brz-css-d-richtext brz-css-1xqq79i\" data-brz-custom-id=\"imoUC9UuMZkj\">\n<div data-brz-translate-text=\"1\">\n<p class=\"brz-tp-lg-paragraph brz-text-lg-center brz-css-jwRAd\" data-uniq-id=\"ojPnU\" data-generated-css=\"brz-css-v_9Gl\"><a class=\"link--page brz-cp-color1 brz-bgp-color8\" href=\"https:\/\/sloengeldage.dk\/index.php\/kontakt\/\" data-brz-link-type=\"page\">Kontakt Di Heslige Sl\u00f8nglers Klup<\/a><\/p>\n<\/div>\n<\/div>\n<\/div>\n<\/div>\n<\/div>\n<div class=\"brz-columns brz-css-d-column-column brz-css-islvc0\" data-brz-custom-id=\"gPFU9QR8KubS\">\n<div class=\"brz-column__items brz-css-d-column-bg brz-css-10nu5x\">\n<div id=\"\" class=\"brz-css-d-wrapper brz-css-16mxems brz-wrapper\">\n<div class=\"brz-rich-text brz-rich-text__custom brz-css-d-richtext brz-css-iwyr0n\" data-brz-custom-id=\"ygUK4tBJ1a5H\">\n<div data-brz-translate-text=\"1\">\n<p class=\"brz-tp-lg-paragraph brz-text-lg-center brz-css-vxGuP\" data-uniq-id=\"zIrET\" data-generated-css=\"brz-css-mSOvL\"><a class=\"link--page brz-cp-color1 brz-bgp-color8\" href=\"https:\/\/sloengeldage.dk\/index.php\/privatslivserklaering\/\" data-brz-link-type=\"page\">Privatlivserkl\u00e6ring<\/a><\/p>\n<\/div>\n<\/div>\n<\/div>\n<\/div>\n<\/div>\n<\/div>\n<\/div>\n<\/div>\n<\/div>\n<\/section><\/div>\n<p><!-- version:1776785183 --><\/p>\n","protected":false},"excerpt":{"rendered":"<p>Retur til Sl\u00f8ngeldag for skoler Pakke E: Morten B\u00f8rupskolen, H\u00f8jboskolen og Gl. Rye Skole Program (Pakke E) 09.30 &#8211; 10.15&nbsp; LG Jensen &amp; Emil Landgreen Morten B\u00f8rup aula L\u00e6s mere 10.15 &#8211; 10.45 Pause (30 min) 10.45 &#8211; 11.30 LG Jensen &amp; Emil Landgreen Morten B\u00f8rup aula L\u00e6s mere 11.30 &#8211; 12.15 Spisepause (45 min) &hellip; <\/p>\n<p class=\"link-more\"><a href=\"https:\/\/sloengeldage.dk\/index.php\/pakke-e-mob\/\" class=\"more-link\">Continue reading<span class=\"screen-reader-text\"> &#8220;Pakke E mobil&#8221;<\/span><\/a><\/p>\n","protected":false},"author":1,"featured_media":0,"parent":0,"menu_order":0,"comment_status":"closed","ping_status":"closed","template":"brizy-blank-template.php","meta":{"footnotes":""},"folder":[112],"class_list":["post-3313","page","type-page","status-publish","hentry","entry"],"brizy_media":[{"id":1794,"url":"https:\/\/sloengeldage.dk\/wp-content\/uploads\/SB_Sigurd-fortaeller-om-Rummet.jpg","name":"SB_Sigurd-fortaeller-om-Rummet.jpg","meta":{"brizy_attachment_uid":"wp-7a9b8a38722d703f22fa3030cf08f895.jpg","brizy_post_uid":["bc14acae54e3aea3130c1a34f9364120","a5ac2a14150c9ddf743b9eedf0cb1807","c6b87f3569faba4004b93f9ea00cb254","8188b2cae34aeb45536f747697c7511f","5554cc041f8759477609c1e7723d9013","c01d2e30a9326151559940b52cf26a89","01535875b694cabb84a3e7e5cebf38e9","b1db65effdd867fba92448bfc41bd833"]}},{"id":2091,"url":"https:\/\/sloengeldage.dk\/wp-content\/uploads\/SandraSchwartzfotoskoledag2023.jpg","name":"SandraSchwartzfotoskoledag2023.jpg","meta":{"brizy_attachment_uid":"wp-0ae1ec728fec7a64ab2d6d329acab55b.jpg","brizy_post_uid":["0a9e3bc000731dab9f4f97b7587daf9a","5554cc041f8759477609c1e7723d9013"]}},{"id":2092,"url":"https:\/\/sloengeldage.dk\/wp-content\/uploads\/LGJensenfototilskoledag2023.jpg","name":"LGJensenfototilskoledag2023.jpg","meta":{"brizy_attachment_uid":"wp-5789e13da6fa9d937d1439461a54af94.jpg","brizy_post_uid":["0a9e3bc000731dab9f4f97b7587daf9a","5554cc041f8759477609c1e7723d9013"]}},{"id":5810,"url":"https:\/\/sloengeldage.dk\/wp-content\/uploads\/IMG_7070.jpg","name":"IMG_7070.jpg","meta":{"brizy_attachment_uid":"wp-33034d1f327fdeeec07516e35591454b.jpg","brizy_post_uid":["0a9e3bc000731dab9f4f97b7587daf9a","5554cc041f8759477609c1e7723d9013"]}},{"id":5811,"url":"https:\/\/sloengeldage.dk\/wp-content\/uploads\/LG-paa-kranietrappe_farve-scaled.jpg","name":"LG-paa-kranietrappe_farve.jpg","meta":{"brizy_attachment_uid":"wp-8630d6b25d356d92d2eadca051665d1d.jpg","brizy_post_uid":["5554cc041f8759477609c1e7723d9013","0a9e3bc000731dab9f4f97b7587daf9a"]}},{"id":5812,"url":"https:\/\/sloengeldage.dk\/wp-content\/uploads\/IMG_7069.jpg","name":"IMG_7069.jpg","meta":{"brizy_attachment_uid":"wp-48b907f314ee41370bca5ce23dbbbba4.jpg","brizy_post_uid":["0a9e3bc000731dab9f4f97b7587daf9a","5554cc041f8759477609c1e7723d9013"]}}],"_links":{"self":[{"href":"https:\/\/sloengeldage.dk\/index.php\/wp-json\/wp\/v2\/pages\/3313","targetHints":{"allow":["GET"]}}],"collection":[{"href":"https:\/\/sloengeldage.dk\/index.php\/wp-json\/wp\/v2\/pages"}],"about":[{"href":"https:\/\/sloengeldage.dk\/index.php\/wp-json\/wp\/v2\/types\/page"}],"author":[{"embeddable":true,"href":"https:\/\/sloengeldage.dk\/index.php\/wp-json\/wp\/v2\/users\/1"}],"replies":[{"embeddable":true,"href":"https:\/\/sloengeldage.dk\/index.php\/wp-json\/wp\/v2\/comments?post=3313"}],"version-history":[{"count":5,"href":"https:\/\/sloengeldage.dk\/index.php\/wp-json\/wp\/v2\/pages\/3313\/revisions"}],"predecessor-version":[{"id":5834,"href":"https:\/\/sloengeldage.dk\/index.php\/wp-json\/wp\/v2\/pages\/3313\/revisions\/5834"}],"wp:attachment":[{"href":"https:\/\/sloengeldage.dk\/index.php\/wp-json\/wp\/v2\/media?parent=3313"}],"wp:term":[{"taxonomy":"folder","embeddable":true,"href":"https:\/\/sloengeldage.dk\/index.php\/wp-json\/wp\/v2\/folder?post=3313"}],"curies":[{"name":"wp","href":"https:\/\/api.w.org\/{rel}","templated":true}]}}