{"id":3286,"date":"2026-02-17T11:19:32","date_gmt":"2026-02-17T11:19:32","guid":{"rendered":"https:\/\/sloengeldage.dk\/index.php\/pakke-b-mob\/"},"modified":"2026-05-06T10:02:55","modified_gmt":"2026-05-06T10:02:55","slug":"pakke-b-mob","status":"publish","type":"page","link":"https:\/\/sloengeldage.dk\/index.php\/pakke-b-mob\/","title":{"rendered":"Pakke B mobil"},"content":{"rendered":"<div class=\"brz brz-root__container brz-reset-all brz-root__container-page\">\n<section id=\"ym_t0yBMgfnX_ym_t0yBMgfnX\" class=\"brz-section brz-css-d-section brz-css-8k2dxt\">\n<div class=\"brz-section__content brz-section--boxed brz-css-d-sectionitem-bg brz-css-t7p3v5\" data-brz-custom-id=\"aIwjM58V9mAw\">\n<div class=\"brz-container brz-css-d-sectionitem-container brz-css-1m234j2\">\n<div class=\"brz-row__container brz-css-d-row-row brz-css-1e2nj41\" data-brz-custom-id=\"jgPvm4ZW0w3f\">\n<div class=\"brz-row brz-css-d-row-container brz-css-r-row-container brz-css-d49miy\">\n<div class=\"brz-columns brz-css-d-column-column brz-css-joe3m6\" data-brz-custom-id=\"bdakI4xkrGQt\">\n<div class=\"brz-column__items brz-css-d-column-bg brz-css-v6wf80\">\n<div id=\"\" class=\"brz-css-d-wrapper brz-css-eouba7 brz-wrapper\">\n<div class=\"brz-image brz-css-d-image-otxzcnshnxen-parent brz-css-1jto00j\" data-brz-custom-id=\"oTXZcnShNxeN\"><a class=\"brz-a\" target=\"_self\" rel=\"noopener\" href=\"https:\/\/sloengeldage.dk\/index.php\/mobilforside\/\" data-brz-link-type=\"page\"><img decoding=\"async\" class=\"brz-img\" src=\"https:\/\/sloengeldage.dk\/wp-content\/uploads\/cropped-Gummi-Tarzan-2_512x512-1.png\" loading=\"lazy\" alt=\"\" title=\"cropped-Gummi-Tarzan-2_512x512-1.png\"><\/a><\/div>\n<\/div>\n<\/div>\n<\/div>\n<div class=\"brz-columns brz-css-d-column-column brz-css-1gf4wpu\" data-brz-custom-id=\"iCMzIKIeQfoE\">\n<div class=\"brz-column__items brz-css-d-column-bg brz-css-nqzpl0\">\n<div id=\"\" class=\"brz-css-d-wrapper brz-css-piowje brz-wrapper\">\n<div class=\"brz-image brz-css-d-image-rjbcfd3gci8n-parent brz-css-1fzq61q\" data-brz-custom-id=\"rJBcFd3Gci8n\"><a class=\"brz-a\" target=\"_self\" rel=\"noopener\" href=\"https:\/\/sloengeldage.dk\/index.php\/mobilforside\/\" data-brz-link-type=\"page\"><img decoding=\"async\" class=\"brz-img\" src=\"https:\/\/sloengeldage.dk\/wp-content\/uploads\/sloengeldage_nyt_logo.png\" loading=\"lazy\" alt=\"\" title=\"sloengeldage_nyt_logo\"><\/a><\/div>\n<\/div>\n<\/div>\n<\/div>\n<\/div>\n<\/div>\n<\/div>\n<\/div>\n<\/section>\n<section id=\"mNHKrG_I72tc_mNHKrG_I72tc\" class=\"brz-section brz-css-d-section brz-css-2rza6g\">\n<div class=\"brz-section__content brz-section--boxed brz-css-d-sectionitem-bg brz-css-wg4ac7\" data-brz-custom-id=\"kLORWzhpTFAd\">\n<div class=\"brz-bg\">\n<div class=\"brz-bg-color\"><\/div>\n<\/div>\n<div class=\"brz-container brz-css-d-sectionitem-container brz-css-1tc9hp0\">\n<div class=\"brz-row__container brz-css-d-row-row brz-css-1i022an\" data-brz-custom-id=\"aWPXXjabYvkp\">\n<div class=\"brz-row brz-css-d-row-container brz-css-r-row-container brz-css-1kyr298\">\n<div class=\"brz-columns brz-css-d-column-column brz-css-cvaokd\" data-brz-custom-id=\"eR9nIdBcRd4C\">\n<div class=\"brz-column__items brz-css-d-column-bg brz-css-1jly6sz\">\n<div id=\"\" class=\"brz-css-d-wrapper brz-css-c142sl brz-wrapper\">\n<div class=\"brz-rich-text brz-rich-text__custom brz-css-d-richtext brz-css-1jchdz7\" data-brz-custom-id=\"vCD1i6g3RfB_\">\n<div data-brz-translate-text=\"1\">\n<p class=\"brz-tp-lg-empty brz-ff-roboto brz-ft-google brz-fs-lg-25 brz-fss-lg-px brz-fw-lg-700 brz-ls-lg-m_1_5 brz-lh-lg-1_3 brz-vfw-lg-400 brz-fwdth-lg-100 brz-fsft-lg-0 brz-css-va_mh\" data-generated-css=\"brz-css-vNyxz\" data-uniq-id=\"kQc3V\"><span class=\"brz-cp-color5\"> <\/span><a class=\"brz-cp-color3 link--page\" href=\"https:\/\/sloengeldage.dk\/index.php\/mob-skoler\/\" data-brz-link-type=\"page\"><strong>Retur til Sl\u00f8ngeldag for skoler<\/strong><\/a><\/p>\n<p class=\"brz-tp-lg-empty brz-ff-roboto brz-ft-google brz-fs-lg-25 brz-fss-lg-px brz-fw-lg-700 brz-ls-lg-m_1_5 brz-lh-lg-1_3 brz-vfw-lg-400 brz-fwdth-lg-100 brz-fsft-lg-0 brz-css-mFxkw\" data-generated-css=\"brz-css-xDswI\" data-uniq-id=\"gStPL\"><span class=\"brz-cp-color5\"> <\/span><\/p>\n<p class=\"brz-tp-lg-empty brz-ff-roboto brz-ft-google brz-fs-lg-25 brz-fss-lg-px brz-fw-lg-700 brz-ls-lg-m_1_5 brz-lh-lg-1_3 brz-vfw-lg-400 brz-fwdth-lg-100 brz-fsft-lg-0 brz-css-yBYNa\" data-generated-css=\"brz-css-rlj8Y\" data-uniq-id=\"g4_bb\"><span class=\"brz-cp-color5\">Pakke B: Veng F\u00e6llesskole, Stj\u00e6rskolen og Stilling Skole<\/span><\/p>\n<\/div>\n<\/div>\n<\/div>\n<div id=\"\" class=\"brz-css-d-wrapper brz-css-fv19yw brz-wrapper\">\n<div class=\"brz-rich-text brz-rich-text__custom brz-css-d-richtext brz-css-6g5mw\" data-brz-custom-id=\"xURGZPsQxTsK\">\n<div data-brz-translate-text=\"1\">\n<p class=\"brz-tp-lg-paragraph brz-css-qGlK3\" data-generated-css=\"brz-css-g4XXO\" data-uniq-id=\"dVqow\"><span class=\"brz-cp-color1\">Program (Pakke B)<\/span><\/p>\n<\/div>\n<\/div>\n<\/div>\n<div class=\"brz-row__container brz-css-d-row-row brz-css-y438wj\" data-brz-custom-id=\"fVKvuoZnoieF\">\n<div class=\"brz-row brz-row--inner brz-css-d-row-container brz-css-r-row-container brz-css-nhivni\">\n<div class=\"brz-columns brz-css-d-column-column brz-css-qmxr9z\" data-brz-custom-id=\"wWZVjr54jLp8\">\n<div class=\"brz-column__items brz-css-d-column-bg brz-css-119misf\">\n<div id=\"\" class=\"brz-css-d-wrapper brz-css-1sh6x67 brz-wrapper\">\n<div class=\"brz-rich-text brz-rich-text__custom brz-css-d-richtext brz-css-19p16mi\" data-brz-custom-id=\"rHUhcpwkwvgW\">\n<div data-brz-translate-text=\"1\">\n<p class=\"brz-tp-lg-paragraph brz-css-dRmlz\" data-uniq-id=\"iuUqg\" data-generated-css=\"brz-css-dKnAP\"><span class=\"brz-cp-color7\">09.30 &#8211; 10.15&nbsp;<\/span><\/p>\n<\/div>\n<\/div>\n<\/div>\n<\/div>\n<\/div>\n<div class=\"brz-columns brz-css-d-column-column brz-css-m70okf\" data-brz-custom-id=\"krTp3MaMASia\">\n<div class=\"brz-column__items brz-css-d-column-bg brz-css-nnocts\">\n<div id=\"\" class=\"brz-css-d-wrapper brz-css-1sdcumr brz-wrapper\">\n<div class=\"brz-rich-text brz-rich-text__custom brz-css-d-richtext brz-css-1r1mqlo\" data-brz-custom-id=\"vZEV4iEa_Sj3\">\n<div data-brz-translate-text=\"1\">\n<p class=\"brz-fsft-lg-0 brz-fwdth-lg-100 brz-vfw-lg-400 brz-lh-lg-1_7 brz-ls-lg-0_5 brz-fw-lg-700 brz-fss-lg-px brz-fs-lg-18 brz-ft-google brz-ff-roboto brz-tp-lg-empty brz-css-eu8mg\" data-generated-css=\"brz-css-pqCtn\" data-uniq-id=\"qX3IM\"><span class=\"brz-cp-color1\">Sigurd Barrett<\/span><\/p>\n<p class=\"brz-tp-lg-paragraph brz-css-caSZM\" data-generated-css=\"brz-css-icWS1\" data-uniq-id=\"imRRr\"><span class=\"brz-cp-color1\"> <\/span><\/p>\n<p class=\"brz-tp-lg-paragraph brz-css-poAdT\" data-generated-css=\"brz-css-ykkZ0\" data-uniq-id=\"syKkC\"><span class=\"brz-cp-color1\">Store Sal<\/span><span class=\"brz-cp-color1\">, Kulturhuset<\/span><span class=\"brz-cp-color1\"> <\/span><\/p>\n<p class=\"brz-tp-lg-paragraph brz-css-nJjJ6\" data-generated-css=\"brz-css-jvXDb\" data-uniq-id=\"rLPKg\"><span class=\"brz-cp-color1\"> <\/span><\/p>\n<p class=\"brz-tp-lg-paragraph brz-css-acslE\" data-generated-css=\"brz-css-im_zh\" data-uniq-id=\"cOlLj\"><a class=\"brz-cp-color1 link--page\" href=\"https:\/\/sloengeldage.dk\/index.php\/sigurd-barrett\/\" data-brz-link-type=\"page\">L\u00e6s mere <\/a><\/p>\n<\/div>\n<\/div>\n<\/div>\n<\/div>\n<\/div>\n<div class=\"brz-columns brz-css-d-column-column brz-css-15dsarh\" data-brz-custom-id=\"acOb2rlXgXQo\">\n<div class=\"brz-column__items brz-css-d-column-bg brz-css-1n1n4n7\">\n<div id=\"\" class=\"brz-css-d-wrapper brz-css-byjiwi brz-wrapper\">\n<div class=\"brz-image brz-css-d-image-jokdqbkloqmt-parent brz-css-1vgfpv2\" data-brz-custom-id=\"jOKdQBKlOqMT\"><a class=\"brz-a\" target=\"_self\" rel=\"noopener\" href=\"https:\/\/sloengeldage.dk\/index.php\/sigurd-barrett\/\" data-brz-link-type=\"page\"><img decoding=\"async\" class=\"brz-img\" src=\"https:\/\/sloengeldage.dk\/wp-content\/uploads\/SB_Sigurd-fortaeller-om-Rummet.jpg\" loading=\"lazy\" alt=\"\" title=\"SB_Sigurd-fortaeller-om-Rummet\"><\/a><\/div>\n<\/div>\n<\/div>\n<\/div>\n<\/div>\n<\/div>\n<\/div>\n<\/div>\n<\/div>\n<\/div>\n<div id=\"\" class=\"brz-css-d-wrapper brz-css-9h8wpk brz-wrapper\">\n<div class=\"brz-rich-text brz-rich-text__custom brz-css-d-richtext brz-css-1iro1gb\" data-brz-custom-id=\"g8KAdjS7Verc\">\n<div data-brz-translate-text=\"1\">\n<p class=\"brz-tp-lg-paragraph brz-css-aJeIg\" data-generated-css=\"brz-css-e3I1J\" data-uniq-id=\"cYFG7\"><span class=\"brz-cp-color1\">10.15 &#8211; 10.45 Pause (30 min)<\/span><\/p>\n<\/div>\n<\/div>\n<\/div>\n<div class=\"brz-row__container brz-css-d-row-row brz-css-1s1u3r4\" data-brz-custom-id=\"pojhVrFjCbAn\">\n<div class=\"brz-row brz-css-d-row-container brz-css-r-row-container brz-css-u21lh7\">\n<div class=\"brz-columns brz-css-d-column-column brz-css-1u9kk7v\" data-brz-custom-id=\"cR2OzO2bL81L\">\n<div class=\"brz-column__items brz-css-d-column-bg brz-css-1oj9q8s\">\n<div class=\"brz-row__container brz-css-d-row-row brz-css-vuwabn\" data-brz-custom-id=\"jDhtDFjAVC89\">\n<div class=\"brz-row brz-row--inner brz-css-d-row-container brz-css-r-row-container brz-css-jcdsfo\">\n<div class=\"brz-columns brz-css-d-column-column brz-css-t9p5hv\" data-brz-custom-id=\"wIxZUec0MkzZ\">\n<div class=\"brz-column__items brz-css-d-column-bg brz-css-1bahkc\">\n<div id=\"\" class=\"brz-css-d-wrapper brz-css-dasyml brz-wrapper\">\n<div class=\"brz-rich-text brz-rich-text__custom brz-css-d-richtext brz-css-gtfnqx\" data-brz-custom-id=\"i2y2EP2eSOzt\">\n<div data-brz-translate-text=\"1\">\n<p class=\"brz-tp-lg-paragraph brz-css-vbqHC\" data-generated-css=\"brz-css-rjiZA\" data-uniq-id=\"i7Bb8\"><span class=\"brz-cp-color7\">10.45 &#8211; 11.30<\/span><\/p>\n<\/div>\n<\/div>\n<\/div>\n<\/div>\n<\/div>\n<div class=\"brz-columns brz-css-d-column-column brz-css-6cxt2t\" data-brz-custom-id=\"fuy2uqaAB8NF\">\n<div class=\"brz-column__items brz-css-d-column-bg brz-css-1sk2ln0\">\n<div id=\"\" class=\"brz-css-d-wrapper brz-css-l4mwfw brz-wrapper\">\n<div class=\"brz-rich-text brz-rich-text__custom brz-css-d-richtext brz-css-hadv0y\" data-brz-custom-id=\"gfcakQORDcYJ\">\n<div data-brz-translate-text=\"1\">\n<p class=\"brz-fsft-lg-0 brz-fwdth-lg-100 brz-vfw-lg-400 brz-lh-lg-1_7 brz-ls-lg-0_5 brz-fw-lg-700 brz-fss-lg-px brz-fs-lg-18 brz-ft-google brz-ff-roboto brz-tp-lg-empty brz-css-eH_6c\" data-uniq-id=\"qDpcI\" data-generated-css=\"brz-css-e1zg1\"><span class=\"brz-cp-color1\">Maria R\u00f8rb\u00e6k<\/span><\/p>\n<p class=\"brz-tp-lg-paragraph brz-css-nGb7o\" data-uniq-id=\"oYsgO\" data-generated-css=\"brz-css-ouwXf\"><span class=\"brz-cp-color1\"> <\/span><\/p>\n<p class=\"brz-tp-lg-paragraph brz-css-k_nji\" data-uniq-id=\"jQxEl\" data-generated-css=\"brz-css-d0Bqd\"><span class=\"brz-cp-color1\">Cirkustelt<\/span><\/p>\n<p class=\"brz-tp-lg-paragraph brz-css-bJMPs\" data-uniq-id=\"vvY6R\" data-generated-css=\"brz-css-oupat\"><span class=\"brz-cp-color1\"> <\/span><\/p>\n<p class=\"brz-tp-lg-paragraph brz-css-qgMO9\" data-uniq-id=\"fo8Ug\" data-generated-css=\"brz-css-tRd38\"><a class=\"brz-cp-color1 link--page\" href=\"https:\/\/sloengeldage.dk\/index.php\/maria-roerbaek\/\" data-brz-link-type=\"page\">L\u00e6s mere <\/a><\/p>\n<\/div>\n<\/div>\n<\/div>\n<\/div>\n<\/div>\n<div class=\"brz-columns brz-css-d-column-column brz-css-rgsrjk\" data-brz-custom-id=\"i7xx_ORb8xl_\">\n<div class=\"brz-column__items brz-css-d-column-bg brz-css-ogli32\">\n<div id=\"\" class=\"brz-css-d-wrapper brz-css-bx01kz brz-wrapper\">\n<div class=\"brz-image brz-css-d-image-g6ixl2mabpfe-parent brz-css-2usjyk\" data-brz-custom-id=\"g6IXl2MABPFE\"><a class=\"brz-a\" target=\"_self\" rel=\"noopener\" href=\"https:\/\/sloengeldage.dk\/index.php\/nor-og-far\/\" data-brz-link-type=\"page\"><img decoding=\"async\" class=\"brz-img\" src=\"https:\/\/sloengeldage.dk\/wp-content\/uploads\/MariaRoerbaek.jpg\" loading=\"lazy\" alt=\"\" title=\"Maria+R\u00f8rb\u00e6k\"><\/a><\/div>\n<\/div>\n<\/div>\n<\/div>\n<\/div>\n<\/div>\n<\/div>\n<\/div>\n<\/div>\n<\/div>\n<div id=\"\" class=\"brz-css-d-wrapper brz-css-10eib7s brz-wrapper\">\n<div class=\"brz-rich-text brz-rich-text__custom brz-css-d-richtext brz-css-1gq6emp\" data-brz-custom-id=\"janPzUGAAvd1\">\n<div data-brz-translate-text=\"1\">\n<p class=\"brz-tp-lg-paragraph brz-css-iRD8S\" data-generated-css=\"brz-css-wNkPH\" data-uniq-id=\"gDdnp\"><span class=\"brz-cp-color7\">11.30 &#8211; 12.15 Spisepause (45 min)<\/span><\/p>\n<\/div>\n<\/div>\n<\/div>\n<div class=\"brz-row__container brz-css-d-row-row brz-css-utsjcz\" data-brz-custom-id=\"naAiuozlSkhO\">\n<div class=\"brz-row brz-css-d-row-container brz-css-r-row-container brz-css-1k2gip8\">\n<div class=\"brz-columns brz-css-d-column-column brz-css-128r0wx\" data-brz-custom-id=\"yBMPSC_jL3IN\">\n<div class=\"brz-column__items brz-css-d-column-bg brz-css-lg7fd7\">\n<div class=\"brz-row__container brz-css-d-row-row brz-css-8akn0i\" data-brz-custom-id=\"bjyfVJopnFtn\">\n<div class=\"brz-row brz-row--inner brz-css-d-row-container brz-css-r-row-container brz-css-nnou2p\">\n<div class=\"brz-columns brz-css-d-column-column brz-css-d0vgbi\" data-brz-custom-id=\"cXAerdMKxsXE\">\n<div class=\"brz-column__items brz-css-d-column-bg brz-css-ryo92q\">\n<div id=\"\" class=\"brz-css-d-wrapper brz-css-18dt74 brz-wrapper\">\n<div class=\"brz-rich-text brz-rich-text__custom brz-css-d-richtext brz-css-1sr3qhp\" data-brz-custom-id=\"yZgLyiQQvFgA\">\n<div data-brz-translate-text=\"1\">\n<p class=\"brz-tp-lg-paragraph brz-css-aCRsS\" data-generated-css=\"brz-css-ieGFO\" data-uniq-id=\"c6YIw\"><span class=\"brz-cp-color7\">12.15 &#8211; 13.00<\/span><\/p>\n<\/div>\n<\/div>\n<\/div>\n<\/div>\n<\/div>\n<div class=\"brz-columns brz-css-d-column-column brz-css-10hsxdf\" data-brz-custom-id=\"fPPXxBOj8HjG\">\n<div class=\"brz-column__items brz-css-d-column-bg brz-css-s5jmxl\">\n<div id=\"\" class=\"brz-css-d-wrapper brz-css-1gbce brz-wrapper\">\n<div class=\"brz-rich-text brz-rich-text__custom brz-css-d-richtext brz-css-1a0i3ko\" data-brz-custom-id=\"cXcma5qQ7YXN\">\n<div data-brz-translate-text=\"1\">\n<p class=\"brz-fsft-lg-0 brz-fwdth-lg-100 brz-vfw-lg-400 brz-lh-lg-1_7 brz-ls-lg-0_5 brz-fw-lg-700 brz-fss-lg-px brz-fs-lg-18 brz-ft-google brz-ff-roboto brz-tp-lg-empty brz-css-m28oo\" data-generated-css=\"brz-css-uxWrW\" data-uniq-id=\"dz2kL\"><span class=\"brz-cp-color1\">Benni B\u00f8dker<\/span><\/p>\n<p class=\"brz-tp-lg-paragraph brz-css-hcoz6\" data-generated-css=\"brz-css-pCWRC\" data-uniq-id=\"xz1Tc\"><span class=\"brz-cp-color1\"> <\/span><\/p>\n<p class=\"brz-tp-lg-paragraph brz-css-wRi_U\" data-generated-css=\"brz-css-vRhRw\" data-uniq-id=\"wqveB\"><span class=\"brz-cp-color1\">Kulturskolen<\/span><\/p>\n<p class=\"brz-tp-lg-paragraph brz-css-sO71B\" data-generated-css=\"brz-css-l5PSj\" data-uniq-id=\"j_Sf9\"><span class=\"brz-cp-color1\"> <\/span><\/p>\n<p class=\"brz-tp-lg-paragraph brz-css-pESJY\" data-generated-css=\"brz-css-p8GA1\" data-uniq-id=\"cKrhW\"><a class=\"brz-cp-color1 link--page\" href=\"https:\/\/sloengeldage.dk\/index.php\/benni-boedker\/\" data-brz-link-type=\"page\">L\u00e6s mere <\/a><\/p>\n<\/div>\n<\/div>\n<\/div>\n<\/div>\n<\/div>\n<div class=\"brz-columns brz-css-d-column-column brz-css-1g1pshv\" data-brz-custom-id=\"jFfXYB_M2a2E\">\n<div class=\"brz-column__items brz-css-d-column-bg brz-css-jbwy4c\">\n<div id=\"\" class=\"brz-css-d-wrapper brz-css-10z9blg brz-wrapper\">\n<div class=\"brz-image brz-css-d-image-bsbs9as2kkp0-parent brz-css-wfpez1\" data-brz-custom-id=\"bSbS9as2kkp0\"><a class=\"brz-a\" target=\"_self\" rel=\"noopener\" href=\"https:\/\/sloengeldage.dk\/index.php\/sophie-souid-thomas-hjorthaab\/\" data-brz-link-type=\"page\"><img decoding=\"async\" class=\"brz-img\" src=\"https:\/\/sloengeldage.dk\/wp-content\/uploads\/BennyBoedker.jpg\" loading=\"lazy\" alt=\"\" title=\"Benny+B\u00f8dker\"><\/a><\/div>\n<\/div>\n<\/div>\n<\/div>\n<\/div>\n<\/div>\n<\/div>\n<\/div>\n<\/div>\n<\/div>\n<\/div>\n<\/div>\n<\/section>\n<section id=\"rZN2aXBZPIx__rZN2aXBZPIx_\" class=\"brz-section brz-css-d-section brz-css-y6pj47\">\n<div class=\"brz-section__content brz-section--boxed brz-css-d-sectionitem-bg brz-css-1wbza8i\" data-brz-custom-id=\"a9UHJcbjcdJ6\">\n<div class=\"brz-bg\">\n<div class=\"brz-bg-color\"><\/div>\n<\/div>\n<div class=\"brz-container brz-css-d-sectionitem-container brz-css-1kdc481\">\n<div class=\"brz-row__container brz-css-d-row-row brz-css-1c3j3dg\" data-brz-custom-id=\"nnraTVnbtq6q\">\n<div class=\"brz-row brz-css-d-row-container brz-css-r-row-container brz-css-14nwbec\">\n<div class=\"brz-columns brz-css-d-column-column brz-css-10axjwg\" data-brz-custom-id=\"yXIyqVImE0Bo\">\n<div class=\"brz-column__items brz-css-d-column-bg brz-css-18ful2c\">\n<div id=\"\" class=\"brz-css-d-wrapper brz-css-yh1liq brz-wrapper\">\n<div class=\"brz-rich-text brz-rich-text__custom brz-css-d-richtext brz-css-1wcpjzz\" data-brz-custom-id=\"imDwEfByURW3\">\n<div data-brz-translate-text=\"1\">\n<p class=\"brz-tp-lg-paragraph brz-text-lg-center brz-css-qlTS3\" data-uniq-id=\"ojPnU\" data-generated-css=\"brz-css-v_9Gl\"><a class=\"link--page brz-cp-color1 brz-bgp-color8\" href=\"https:\/\/sloengeldage.dk\/index.php\/kontakt\/\" data-brz-link-type=\"page\">Kontakt Di Heslige Sl\u00f8nglers Klup<\/a><\/p>\n<\/div>\n<\/div>\n<\/div>\n<\/div>\n<\/div>\n<div class=\"brz-columns brz-css-d-column-column brz-css-z8o7a7\" data-brz-custom-id=\"nJ0oU3GGxODc\">\n<div class=\"brz-column__items brz-css-d-column-bg brz-css-h6a2ob\">\n<div id=\"\" class=\"brz-css-d-wrapper brz-css-mwxugo brz-wrapper\">\n<div class=\"brz-rich-text brz-rich-text__custom brz-css-d-richtext brz-css-r5u7vm\" data-brz-custom-id=\"w3VQYbgyP9sN\">\n<div data-brz-translate-text=\"1\">\n<p class=\"brz-tp-lg-paragraph brz-text-lg-center brz-css-wGJK_\" data-uniq-id=\"zIrET\" data-generated-css=\"brz-css-mSOvL\"><a class=\"link--page brz-cp-color1 brz-bgp-color8\" href=\"https:\/\/sloengeldage.dk\/index.php\/privatslivserklaering\/\" data-brz-link-type=\"page\">Privatlivserkl\u00e6ring<\/a><\/p>\n<\/div>\n<\/div>\n<\/div>\n<\/div>\n<\/div>\n<\/div>\n<\/div>\n<\/div>\n<\/div>\n<\/section><\/div>\n<p><!-- version:1775556572 --><\/p>\n","protected":false},"excerpt":{"rendered":"<p>Retur til Sl\u00f8ngeldag for skoler Pakke B: Veng F\u00e6llesskole, Stj\u00e6rskolen og Stilling Skole Program (Pakke B) 09.30 &#8211; 10.15&nbsp; Sigurd Barrett Store Sal, Kulturhuset L\u00e6s mere 10.15 &#8211; 10.45 Pause (30 min) 10.45 &#8211; 11.30 Maria R\u00f8rb\u00e6k Cirkustelt L\u00e6s mere 11.30 &#8211; 12.15 Spisepause (45 min) 12.15 &#8211; 13.00 Benni B\u00f8dker Kulturskolen L\u00e6s mere Kontakt &hellip; <\/p>\n<p class=\"link-more\"><a href=\"https:\/\/sloengeldage.dk\/index.php\/pakke-b-mob\/\" class=\"more-link\">Continue reading<span class=\"screen-reader-text\"> &#8220;Pakke B mobil&#8221;<\/span><\/a><\/p>\n","protected":false},"author":1,"featured_media":0,"parent":0,"menu_order":0,"comment_status":"closed","ping_status":"closed","template":"brizy-blank-template.php","meta":{"footnotes":""},"folder":[112],"class_list":["post-3286","page","type-page","status-publish","hentry","entry"],"brizy_media":[{"id":1794,"url":"https:\/\/sloengeldage.dk\/wp-content\/uploads\/SB_Sigurd-fortaeller-om-Rummet.jpg","name":"SB_Sigurd-fortaeller-om-Rummet.jpg","meta":{"brizy_attachment_uid":"wp-7a9b8a38722d703f22fa3030cf08f895.jpg","brizy_post_uid":["bc14acae54e3aea3130c1a34f9364120","a5ac2a14150c9ddf743b9eedf0cb1807","c6b87f3569faba4004b93f9ea00cb254","8188b2cae34aeb45536f747697c7511f","5554cc041f8759477609c1e7723d9013","c01d2e30a9326151559940b52cf26a89","01535875b694cabb84a3e7e5cebf38e9","b1db65effdd867fba92448bfc41bd833"]}},{"id":1835,"url":"https:\/\/sloengeldage.dk\/wp-content\/uploads\/MariaRoerbaek.jpg","name":"MariaRoerbaek.jpg","meta":{"brizy_attachment_uid":"wp-7c606ed3125f14e8fea043a536e05653.jpg","brizy_post_uid":["8693e6427cc92969460825557a533d27","8188b2cae34aeb45536f747697c7511f","af924bd788f23a0f409d9d8b64a69932"]}},{"id":2536,"url":"https:\/\/sloengeldage.dk\/wp-content\/uploads\/BennyBoedker.jpg","name":"BennyBoedker.jpg","meta":{"brizy_attachment_uid":"wp-331ebb04da14c423ab02902d7359be46.jpg","brizy_post_uid":["faf191a54f72df432408c91907290cb4","8188b2cae34aeb45536f747697c7511f","b1db65effdd867fba92448bfc41bd833"]}}],"_links":{"self":[{"href":"https:\/\/sloengeldage.dk\/index.php\/wp-json\/wp\/v2\/pages\/3286","targetHints":{"allow":["GET"]}}],"collection":[{"href":"https:\/\/sloengeldage.dk\/index.php\/wp-json\/wp\/v2\/pages"}],"about":[{"href":"https:\/\/sloengeldage.dk\/index.php\/wp-json\/wp\/v2\/types\/page"}],"author":[{"embeddable":true,"href":"https:\/\/sloengeldage.dk\/index.php\/wp-json\/wp\/v2\/users\/1"}],"replies":[{"embeddable":true,"href":"https:\/\/sloengeldage.dk\/index.php\/wp-json\/wp\/v2\/comments?post=3286"}],"version-history":[{"count":4,"href":"https:\/\/sloengeldage.dk\/index.php\/wp-json\/wp\/v2\/pages\/3286\/revisions"}],"predecessor-version":[{"id":5767,"href":"https:\/\/sloengeldage.dk\/index.php\/wp-json\/wp\/v2\/pages\/3286\/revisions\/5767"}],"wp:attachment":[{"href":"https:\/\/sloengeldage.dk\/index.php\/wp-json\/wp\/v2\/media?parent=3286"}],"wp:term":[{"taxonomy":"folder","embeddable":true,"href":"https:\/\/sloengeldage.dk\/index.php\/wp-json\/wp\/v2\/folder?post=3286"}],"curies":[{"name":"wp","href":"https:\/\/api.w.org\/{rel}","templated":true}]}}