{"id":3251,"date":"2026-02-17T10:09:41","date_gmt":"2026-02-17T10:09:41","guid":{"rendered":"https:\/\/sloengeldage.dk\/?page_id=3251"},"modified":"2026-05-06T08:36:20","modified_gmt":"2026-05-06T08:36:20","slug":"mob-skoler","status":"publish","type":"page","link":"https:\/\/sloengeldage.dk\/index.php\/mob-skoler\/","title":{"rendered":"Sl\u00f8ngeldag for skoler mobil"},"content":{"rendered":"<div class=\"brz brz-root__container brz-reset-all brz-root__container-page\">\n<section id=\"n2Lw08V8iKCv_n2Lw08V8iKCv\" class=\"brz-section brz-css-d-section brz-css-1albj80\">\n<div class=\"brz-section__content brz-section--boxed brz-css-d-sectionitem-bg brz-css-1k7nr0z\" data-brz-custom-id=\"oEeThdhEdhbw\">\n<div class=\"brz-container brz-css-d-sectionitem-container brz-css-sz73d4\">\n<div class=\"brz-row__container brz-css-d-row-row brz-css-b8v9cc\" data-brz-custom-id=\"k4Wo8sQtXjXx\">\n<div class=\"brz-row brz-css-d-row-container brz-css-r-row-container brz-css-w7dtf7\">\n<div class=\"brz-columns brz-css-d-column-column brz-css-m98wkp\" data-brz-custom-id=\"bLmYmfF08XnX\">\n<div class=\"brz-column__items brz-css-d-column-bg brz-css-8u96qs\">\n<div id=\"\" class=\"brz-css-d-wrapper brz-css-1n1wi7w brz-wrapper\">\n<div class=\"brz-image brz-css-d-image-dqevc_5re1ge-parent brz-css-1mg7qgs\" data-brz-custom-id=\"dqeVC_5Re1ge\"><a class=\"brz-a\" target=\"_self\" rel=\"noopener\" href=\"https:\/\/sloengeldage.dk\/index.php\/mobilforside\/\" data-brz-link-type=\"page\"><img decoding=\"async\" class=\"brz-img\" src=\"https:\/\/sloengeldage.dk\/wp-content\/uploads\/cropped-Gummi-Tarzan-2_512x512-1.png\" loading=\"lazy\" alt=\"\" title=\"cropped-Gummi-Tarzan-2_512x512-1.png\"><\/a><\/div>\n<\/div>\n<\/div>\n<\/div>\n<div class=\"brz-columns brz-css-d-column-column brz-css-1f66si3\" data-brz-custom-id=\"rDmACiVjcJPH\">\n<div class=\"brz-column__items brz-css-d-column-bg brz-css-y6hmxx\">\n<div id=\"\" class=\"brz-css-d-wrapper brz-css-14wzgj5 brz-wrapper\">\n<div class=\"brz-image brz-css-d-image-c9dt9ppbieez-parent brz-css-dv8r2l\" data-brz-custom-id=\"c9dt9PpbIeEz\"><a class=\"brz-a\" target=\"_self\" rel=\"noopener\" href=\"https:\/\/sloengeldage.dk\/index.php\/mobilforside\/\" data-brz-link-type=\"page\"><img decoding=\"async\" class=\"brz-img\" src=\"https:\/\/sloengeldage.dk\/wp-content\/uploads\/sloengeldage_nyt_logo.png\" loading=\"lazy\" alt=\"\" title=\"sloengeldage_nyt_logo\"><\/a><\/div>\n<\/div>\n<\/div>\n<\/div>\n<\/div>\n<\/div>\n<\/div>\n<\/div>\n<\/section>\n<section id=\"hB41cf1dg7Vc_hB41cf1dg7Vc\" class=\"brz-section brz-css-d-section brz-css-jgi0bl\">\n<div class=\"brz-section__content brz-section--boxed brz-css-d-sectionitem-bg brz-css-1enn20t\" data-brz-custom-id=\"uPlVg1wDumdf\">\n<div class=\"brz-container brz-css-d-sectionitem-container brz-css-3m2eaj\">\n<div id=\"\" class=\"brz-css-d-wrapper brz-css-12p8m3m brz-wrapper\">\n<div class=\"brz-rich-text brz-rich-text__custom brz-css-d-richtext brz-css-1mdnmm\" data-brz-custom-id=\"m6lrzwTMNAgN\">\n<div data-brz-translate-text=\"1\">\n<h1 class=\"brz-tp-lg-heading1 brz-text-lg-center ql-align-center brz-ff-roboto brz-ft-google brz-fs-lg-40 brz-fss-lg-px brz-fw-lg-700 brz-ls-lg-m_1_5 brz-lh-lg-1_3 brz-vfw-lg-400 brz-fwdth-lg-100 brz-fsft-lg-0 brz-css-oGph8\" data-generated-css=\"brz-css-mtbCw\" data-uniq-id=\"eCFJB\"><span class=\"brz-cp-color4\">Program for skoler til 6. maj 2026<\/span><\/h1>\n<p class=\"brz-tp-lg-paragraph brz-ff-roboto brz-ft-google brz-fs-lg-20 brz-fss-lg-px brz-fw-lg-400 brz-ls-lg-0 brz-lh-lg-1_7 brz-vfw-lg-400 brz-fwdth-lg-100 brz-fsft-lg-0 brz-css-ndTu3\" data-generated-css=\"brz-css-ilPkI\" data-uniq-id=\"aa3hu\"><a class=\"link--page brz-cp-color4\" href=\"https:\/\/sloengeldage.dk\/index.php\/pakke-a-mob\/\" data-brz-link-type=\"page\">Pakke A<\/a><span class=\"brz-cp-color1\">: M\u00f8lleskolen og Herskindskolen<\/span><\/p>\n<p class=\"brz-tp-lg-paragraph brz-ff-roboto brz-ft-google brz-fs-lg-20 brz-fss-lg-px brz-fw-lg-400 brz-ls-lg-0 brz-lh-lg-1_7 brz-vfw-lg-400 brz-fwdth-lg-100 brz-fsft-lg-0 brz-css-pp9hu\" data-generated-css=\"brz-css-oyg_h\" data-uniq-id=\"vguAh\"><\/p>\n<p class=\"brz-tp-lg-paragraph brz-ff-roboto brz-ft-google brz-fs-lg-20 brz-fss-lg-px brz-fw-lg-400 brz-ls-lg-0 brz-lh-lg-1_7 brz-vfw-lg-400 brz-fwdth-lg-100 brz-fsft-lg-0 brz-css-lNbaI\" data-generated-css=\"brz-css-wgjXY\" data-uniq-id=\"ob4nb\"><a class=\"link--page brz-cp-color4\" href=\"https:\/\/sloengeldage.dk\/index.php\/pakke-b-mob\/\" data-brz-link-type=\"page\">Pakke B<\/a><span class=\"brz-cp-color1\">: Veng F\u00e6llesskole, Stj\u00e6rskolen og Stilling Skole <\/span><\/p>\n<p class=\"brz-tp-lg-paragraph brz-ff-roboto brz-ft-google brz-fs-lg-20 brz-fss-lg-px brz-fw-lg-400 brz-ls-lg-0 brz-lh-lg-1_7 brz-vfw-lg-400 brz-fwdth-lg-100 brz-fsft-lg-0 brz-css-yVwj5\" data-generated-css=\"brz-css-mWE9f\" data-uniq-id=\"vSAGc\"><\/p>\n<p class=\"brz-tp-lg-paragraph brz-ff-roboto brz-ft-google brz-fs-lg-20 brz-fss-lg-px brz-fw-lg-400 brz-ls-lg-0 brz-lh-lg-1_7 brz-vfw-lg-400 brz-fwdth-lg-100 brz-fsft-lg-0 brz-css-lNFzY\" data-generated-css=\"brz-css-iJcUx\" data-uniq-id=\"xi3K9\"><a class=\"link--page brz-cp-color4\" href=\"https:\/\/sloengeldage.dk\/index.php\/pakke-c-mob\/\" data-brz-link-type=\"page\">Pakke C<\/a><span class=\"brz-cp-color1\">: Voerladeg\u00e5rd Skole, Ejer Bavneh\u00f8jskolen, Gyvelh\u00f8jskolen og Virring Skole<\/span><\/p>\n<p class=\"brz-tp-lg-paragraph brz-ff-roboto brz-ft-google brz-fs-lg-20 brz-fss-lg-px brz-fw-lg-400 brz-ls-lg-0 brz-lh-lg-1_7 brz-vfw-lg-400 brz-fwdth-lg-100 brz-fsft-lg-0 brz-css-cDk0O\" data-generated-css=\"brz-css-mHbNf\" data-uniq-id=\"r73X4\"><\/p>\n<p class=\"brz-tp-lg-paragraph brz-ff-roboto brz-ft-google brz-fs-lg-20 brz-fss-lg-px brz-fw-lg-400 brz-ls-lg-0 brz-lh-lg-1_7 brz-vfw-lg-400 brz-fwdth-lg-100 brz-fsft-lg-0 brz-css-w4MLb\" data-generated-css=\"brz-css-koKDU\" data-uniq-id=\"ec7sm\"><a class=\"brz-cp-color4 link--page\" href=\"https:\/\/sloengeldage.dk\/index.php\/pakke-d-mob\/\" data-brz-link-type=\"page\">Pakke D<\/a><span class=\"brz-cp-color1\">: Skovbyskolen og Bjedstrup skole<\/span><\/p>\n<p class=\"brz-tp-lg-paragraph brz-ff-roboto brz-ft-google brz-fs-lg-20 brz-fss-lg-px brz-fw-lg-400 brz-ls-lg-0 brz-lh-lg-1_7 brz-vfw-lg-400 brz-fwdth-lg-100 brz-fsft-lg-0 brz-css-yhZwW\" data-generated-css=\"brz-css-sAfxr\" data-uniq-id=\"s4p56\"><\/p>\n<p class=\"brz-tp-lg-paragraph brz-ff-roboto brz-ft-google brz-fs-lg-20 brz-fss-lg-px brz-fw-lg-400 brz-ls-lg-0 brz-lh-lg-1_7 brz-vfw-lg-400 brz-fwdth-lg-100 brz-fsft-lg-0 brz-css-lcFcT\" data-generated-css=\"brz-css-jn4Uj\" data-uniq-id=\"jKwTf\"><a class=\"link--page brz-cp-color4\" href=\"https:\/\/sloengeldage.dk\/index.php\/pakke-e-mob\/\" data-brz-link-type=\"page\">Pakke E<\/a><span class=\"brz-cp-color1\">: Morten B\u00f8rupskolen, H\u00f8jboskolen og Gl. Rye Skole<\/span><\/p>\n<p class=\"brz-tp-lg-paragraph brz-ff-roboto brz-ft-google brz-fs-lg-20 brz-fss-lg-px brz-fw-lg-400 brz-ls-lg-0 brz-lh-lg-1_7 brz-vfw-lg-400 brz-fwdth-lg-100 brz-fsft-lg-0 brz-css-g_JKD\" data-generated-css=\"brz-css-kW0h2\" data-uniq-id=\"kiBTt\"><\/p>\n<p class=\"brz-tp-lg-paragraph brz-ff-roboto brz-ft-google brz-fs-lg-20 brz-fss-lg-px brz-fw-lg-400 brz-ls-lg-0 brz-lh-lg-1_7 brz-vfw-lg-400 brz-fwdth-lg-100 brz-fsft-lg-0 brz-css-fjODO\" data-generated-css=\"brz-css-kUHID\" data-uniq-id=\"zTsoj\"><a class=\"link--page brz-cp-color4\" href=\"https:\/\/sloengeldage.dk\/index.php\/pakke-f-mob\/\" data-brz-link-type=\"page\">Pakke F<\/a><span class=\"brz-cp-color1\">: Niels Ebbesen Skolen og Knuds\u00f8skolen<\/span><\/p>\n<p class=\"brz-tp-lg-paragraph brz-ff-roboto brz-ft-google brz-fs-lg-20 brz-fss-lg-px brz-fw-lg-400 brz-ls-lg-0 brz-lh-lg-1_7 brz-vfw-lg-400 brz-fwdth-lg-100 brz-fsft-lg-0 brz-css-rt4Kz\" data-generated-css=\"brz-css-dWNnU\" data-uniq-id=\"hzt50\"><\/p>\n<p class=\"brz-tp-lg-paragraph brz-ff-roboto brz-ft-google brz-fs-lg-20 brz-fss-lg-px brz-fw-lg-400 brz-ls-lg-0 brz-lh-lg-1_7 brz-vfw-lg-400 brz-fwdth-lg-100 brz-fsft-lg-0 brz-css-pqFpR\" data-generated-css=\"brz-css-b5cHO\" data-uniq-id=\"r2pPK\"><a class=\"link--page brz-cp-color4\" href=\"https:\/\/sloengeldage.dk\/index.php\/pakke-g-mob\/\" data-brz-link-type=\"page\">Pakke G<\/a><span class=\"brz-cp-color1\">: Skanderborg Realskole og L\u00e5sby Skole<\/span><\/p>\n<p class=\"brz-tp-lg-paragraph brz-ff-roboto brz-ft-google brz-fs-lg-20 brz-fss-lg-px brz-fw-lg-400 brz-ls-lg-0 brz-lh-lg-1_7 brz-vfw-lg-400 brz-fwdth-lg-100 brz-fsft-lg-0 brz-css-puH2n\" data-generated-css=\"brz-css-fwbFZ\" data-uniq-id=\"dkIj6\"><\/p>\n<p class=\"brz-ff-roboto brz-ft-google brz-fs-lg-20 brz-fss-lg-px brz-fw-lg-400 brz-ls-lg-0 brz-lh-lg-1_7 brz-vfw-lg-400 brz-fwdth-lg-100 brz-fsft-lg-0 brz-tp-lg-paragraph brz-css-t0yky\" data-generated-css=\"brz-css-u6fSR\" data-uniq-id=\"lqwHE\"><a class=\"link--page brz-cp-color4\" href=\"https:\/\/sloengeldage.dk\/index.php\/pakke-h-mob\/\" data-brz-link-type=\"page\">Pakke H<\/a><span class=\"brz-cp-color1\">: Sommerb\u00e6k Skolen og Den Fri Hestehaveskole <\/span><\/p>\n<\/div>\n<\/div>\n<\/div>\n<\/div>\n<\/div>\n<\/section>\n<section id=\"sa1btswF85rQ_sa1btswF85rQ\" class=\"brz-section brz-css-d-section brz-css-1p5b8kc\">\n<div class=\"brz-section__content brz-section--boxed brz-css-d-sectionitem-bg brz-css-6rr9ys\" data-brz-custom-id=\"o2dzgkKlacsW\">\n<div class=\"brz-container brz-css-d-sectionitem-container brz-css-1h4xx9i\">\n<div id=\"\" class=\"brz-css-d-wrapper brz-css-1qwtywu brz-wrapper\">\n<div class=\"brz-embed-code brz-css-d-embedcode brz-css-1f855vt\" data-brz-custom-id=\"kku3t50z2gIp\">\n<div class=\"brz-embed-content\">\n<div><\/div>\n<\/div>\n<\/div>\n<\/div>\n<\/div>\n<\/div>\n<\/section>\n<section id=\"doDGgOl7sCEU_doDGgOl7sCEU\" class=\"brz-section brz-css-d-section brz-css-47nnz2\">\n<div class=\"brz-section__content brz-section--boxed brz-css-d-sectionitem-bg brz-css-7lq0f2\" data-brz-custom-id=\"xPtEnlqcNBAV\">\n<div class=\"brz-bg\">\n<div class=\"brz-bg-color\"><\/div>\n<\/div>\n<div class=\"brz-container brz-css-d-sectionitem-container brz-css-vyz4od\">\n<div class=\"brz-row__container brz-css-d-row-row brz-css-pofdd0\" data-brz-custom-id=\"wWlywaqpw_k3\">\n<div class=\"brz-row brz-css-d-row-container brz-css-r-row-container brz-css-dlvcj2\">\n<div class=\"brz-columns brz-css-d-column-column brz-css-1007kgo\" data-brz-custom-id=\"rq6aWbyfBuHo\">\n<div class=\"brz-column__items brz-css-d-column-bg brz-css-eohd3l\">\n<div id=\"\" class=\"brz-css-d-wrapper brz-css-15ri52o brz-wrapper\">\n<div class=\"brz-rich-text brz-rich-text__custom brz-css-d-richtext brz-css-1cdot6f\" data-brz-custom-id=\"br9EdVRFetyV\">\n<div data-brz-translate-text=\"1\">\n<p class=\"brz-tp-lg-paragraph brz-text-lg-center brz-css-lDC4P\" data-uniq-id=\"ojPnU\" data-generated-css=\"brz-css-v_9Gl\"><a class=\"link--page brz-cp-color1 brz-bgp-color8\" href=\"https:\/\/sloengeldage.dk\/index.php\/kontakt\/\" data-brz-link-type=\"page\">Kontakt Di Heslige Sl\u00f8nglers Klup<\/a><\/p>\n<\/div>\n<\/div>\n<\/div>\n<\/div>\n<\/div>\n<div class=\"brz-columns brz-css-d-column-column brz-css-r8wr5p\" data-brz-custom-id=\"mIzogVj6bv8W\">\n<div class=\"brz-column__items brz-css-d-column-bg brz-css-9jnmaq\">\n<div id=\"\" class=\"brz-css-d-wrapper brz-css-1cn7j0t brz-wrapper\">\n<div class=\"brz-rich-text brz-rich-text__custom brz-css-d-richtext brz-css-1cnbgid\" data-brz-custom-id=\"kHKM1jne4pgP\">\n<div data-brz-translate-text=\"1\">\n<p class=\"brz-tp-lg-paragraph brz-text-lg-center brz-css-c2uXp\" data-uniq-id=\"zIrET\" data-generated-css=\"brz-css-mSOvL\"><a class=\"link--page brz-cp-color1 brz-bgp-color8\" href=\"https:\/\/sloengeldage.dk\/index.php\/privatslivserklaering\/\" data-brz-link-type=\"page\">Privatlivserkl\u00e6ring<\/a><\/p>\n<\/div>\n<\/div>\n<\/div>\n<\/div>\n<\/div>\n<\/div>\n<\/div>\n<\/div>\n<\/div>\n<\/section><\/div>\n<p><!-- version:1775556504 --><\/p>\n","protected":false},"excerpt":{"rendered":"<p>Program for skoler til 6. maj 2026 Pakke A: M\u00f8lleskolen og Herskindskolen Pakke B: Veng F\u00e6llesskole, Stj\u00e6rskolen og Stilling Skole Pakke C: Voerladeg\u00e5rd Skole, Ejer Bavneh\u00f8jskolen, Gyvelh\u00f8jskolen og Virring Skole Pakke D: Skovbyskolen og Bjedstrup skole Pakke E: Morten B\u00f8rupskolen, H\u00f8jboskolen og Gl. Rye Skole Pakke F: Niels Ebbesen Skolen og Knuds\u00f8skolen Pakke G: Skanderborg &hellip; <\/p>\n<p class=\"link-more\"><a href=\"https:\/\/sloengeldage.dk\/index.php\/mob-skoler\/\" class=\"more-link\">Continue reading<span class=\"screen-reader-text\"> &#8220;Sl\u00f8ngeldag for skoler mobil&#8221;<\/span><\/a><\/p>\n","protected":false},"author":1,"featured_media":0,"parent":0,"menu_order":0,"comment_status":"closed","ping_status":"closed","template":"brizy-blank-template.php","meta":{"footnotes":""},"folder":[112],"class_list":["post-3251","page","type-page","status-publish","hentry","entry"],"brizy_media":[],"_links":{"self":[{"href":"https:\/\/sloengeldage.dk\/index.php\/wp-json\/wp\/v2\/pages\/3251","targetHints":{"allow":["GET"]}}],"collection":[{"href":"https:\/\/sloengeldage.dk\/index.php\/wp-json\/wp\/v2\/pages"}],"about":[{"href":"https:\/\/sloengeldage.dk\/index.php\/wp-json\/wp\/v2\/types\/page"}],"author":[{"embeddable":true,"href":"https:\/\/sloengeldage.dk\/index.php\/wp-json\/wp\/v2\/users\/1"}],"replies":[{"embeddable":true,"href":"https:\/\/sloengeldage.dk\/index.php\/wp-json\/wp\/v2\/comments?post=3251"}],"version-history":[{"count":10,"href":"https:\/\/sloengeldage.dk\/index.php\/wp-json\/wp\/v2\/pages\/3251\/revisions"}],"predecessor-version":[{"id":5763,"href":"https:\/\/sloengeldage.dk\/index.php\/wp-json\/wp\/v2\/pages\/3251\/revisions\/5763"}],"wp:attachment":[{"href":"https:\/\/sloengeldage.dk\/index.php\/wp-json\/wp\/v2\/media?parent=3251"}],"wp:term":[{"taxonomy":"folder","embeddable":true,"href":"https:\/\/sloengeldage.dk\/index.php\/wp-json\/wp\/v2\/folder?post=3251"}],"curies":[{"name":"wp","href":"https:\/\/api.w.org\/{rel}","templated":true}]}}