{"id":3140,"date":"2026-01-31T11:47:26","date_gmt":"2026-01-31T11:47:26","guid":{"rendered":"https:\/\/sloengeldage.dk\/?page_id=3140"},"modified":"2026-04-07T09:31:58","modified_gmt":"2026-04-07T09:31:58","slug":"generalforsamling","status":"publish","type":"page","link":"https:\/\/sloengeldage.dk\/index.php\/generalforsamling\/","title":{"rendered":"Generalforsamling"},"content":{"rendered":"<div class=\"brz brz-root__container brz-reset-all brz-root__container-page\">\n<section id=\"qbw2L8nwFwCY_qbw2L8nwFwCY\" class=\"brz-section brz-css-d-section brz-css-i4yivt\">\n<div class=\"brz-section__content brz-section--boxed brz-css-d-sectionitem-bg brz-css-1de76z9\" data-brz-custom-id=\"yU6ldJTon2QW\">\n<div class=\"brz-container brz-css-d-sectionitem-container brz-css-1kfbmjq\">\n<div id=\"\" class=\"brz-css-d-wrapper brz-css-1rzkmsl brz-wrapper\">\n<div class=\"brz-rich-text brz-rich-text__custom brz-css-d-richtext brz-css-x6964t\" data-brz-custom-id=\"dIVhOH_s_FVx\">\n<div data-brz-translate-text=\"1\">\n<h1 class=\"brz-tp-lg-heading1 brz-css-vRHmU\" data-uniq-id=\"eU0mc\" data-generated-css=\"brz-css-qbp8g\"><span class=\"brz-cp-color4\">Generalforsamling og frivilligaften<\/span><\/h1>\n<h1 data-uniq-id=\"sI6Rw\" data-generated-css=\"brz-css-yCmDc\" class=\"brz-tp-lg-heading1 brz-css-iG33O\"><span class=\"brz-cp-color4\"> <\/span><\/h1>\n<p data-uniq-id=\"p8eU9\" data-generated-css=\"brz-css-bA5_T\" class=\"brz-tp-lg-empty brz-ff-roboto brz-ft-google brz-fs-lg-18 brz-fss-lg-px brz-fw-lg-700 brz-ls-lg-0_5 brz-lh-lg-1_7 brz-vfw-lg-400 brz-fwdth-lg-100 brz-fsft-lg-0 brz-css-pwO7a\"><a class=\"brz-cp-color5 link--upload\" href=\"https:\/\/sloengeldage.dk\/wp-content\/uploads\/Indkaldelse-til-generalforsamling-25.02.2026.pdf\" data-brz-link-type=\"upload\">Dagsorden<\/a><\/p>\n<p class=\"brz-tp-lg-paragraph brz-css-wcpgG\" data-uniq-id=\"cSpwR\" data-generated-css=\"brz-css-xBhrx\"><span class=\"brz-cp-color1\"> <\/span><\/p>\n<p data-uniq-id=\"xHvcc\" data-generated-css=\"brz-css-hTCZG\" class=\"brz-tp-lg-empty brz-ff-roboto brz-ft-google brz-fs-lg-18 brz-fss-lg-px brz-fw-lg-700 brz-ls-lg-0_5 brz-lh-lg-1_7 brz-vfw-lg-400 brz-fwdth-lg-100 brz-fsft-lg-0 brz-css-rL3Qe\"><a class=\"brz-cp-color5 link--upload\" href=\"https:\/\/sloengeldage.dk\/wp-content\/uploads\/Forslag-til-aendringer-vedtaegter.pdf\" data-brz-link-type=\"upload\">Forslag til vedt\u00e6gts\u00e6ndringer<\/a><\/p>\n<p data-uniq-id=\"u_VWo\" data-generated-css=\"brz-css-k7iom\" class=\"brz-tp-lg-empty brz-ff-roboto brz-ft-google brz-fs-lg-18 brz-fss-lg-px brz-fw-lg-700 brz-ls-lg-0_5 brz-lh-lg-1_7 brz-vfw-lg-400 brz-fwdth-lg-100 brz-fsft-lg-0 brz-css-r_mr_\"><span class=\"brz-cp-color1\"> <\/span><\/p>\n<p data-uniq-id=\"s1fM1\" data-generated-css=\"brz-css-iQKdE\" class=\"brz-tp-lg-empty brz-ff-roboto brz-ft-google brz-fs-lg-18 brz-fss-lg-px brz-fw-lg-700 brz-ls-lg-0_5 brz-lh-lg-1_7 brz-vfw-lg-400 brz-fwdth-lg-100 brz-fsft-lg-0 brz-css-bXn_8\"><a class=\"link--upload brz-cp-color5\" href=\"https:\/\/sloengeldage.dk\/wp-content\/uploads\/Aarsregnskab-med-underskrifter.pdf\" data-brz-link-type=\"upload\">\u00c5rsregnskab <\/a><\/p>\n<\/div>\n<\/div>\n<\/div>\n<div class=\"brz-wrapper-clone brz-flex-xs-wrap brz-css-d-cloneable brz-css-p97oso\" data-brz-custom-id=\"b2Upl3WmWdUy\"><a class=\"brz-a brz-btn brz-css-d-button brz-css-1vw8ktx brz-css-d-button-bg brz-css-1gaufv4\" target=\"_blank\" rel=\"noopener noreferrer\" href=\"https:\/\/forms.gle\/e2HhLuS6LTpokF5X6\" data-brz-link-type=\"external\" data-brz-custom-id=\"uP83vzfXkNah\"><span data-brz-translate-text=\"1\" class=\"brz-span brz-text__editor\">Tilmelding som frivillig<\/span><\/a><\/div>\n<\/div>\n<\/div>\n<\/section><\/div>\n<p><!-- version:1772094539 --><\/p>\n","protected":false},"excerpt":{"rendered":"<p>Generalforsamling og frivilligaften Dagsorden Forslag til vedt\u00e6gts\u00e6ndringer \u00c5rsregnskab Tilmelding som frivillig<\/p>\n","protected":false},"author":1,"featured_media":0,"parent":0,"menu_order":0,"comment_status":"closed","ping_status":"closed","template":"brizy-blank-template.php","meta":{"footnotes":""},"folder":[35],"class_list":["post-3140","page","type-page","status-publish","hentry","entry"],"brizy_media":[{"id":3165,"url":"https:\/\/sloengeldage.dk\/wp-content\/uploads\/0-1.jpg","name":"0-1.jpg","meta":{"brizy_attachment_uid":"wp-baf6fcc21445db621bc8f2c085e0dd85.jpg","brizy_post_uid":["60e67fbd505f862f61b0e26a1c36f098","c6b87f3569faba4004b93f9ea00cb254"]}}],"_links":{"self":[{"href":"https:\/\/sloengeldage.dk\/index.php\/wp-json\/wp\/v2\/pages\/3140","targetHints":{"allow":["GET"]}}],"collection":[{"href":"https:\/\/sloengeldage.dk\/index.php\/wp-json\/wp\/v2\/pages"}],"about":[{"href":"https:\/\/sloengeldage.dk\/index.php\/wp-json\/wp\/v2\/types\/page"}],"author":[{"embeddable":true,"href":"https:\/\/sloengeldage.dk\/index.php\/wp-json\/wp\/v2\/users\/1"}],"replies":[{"embeddable":true,"href":"https:\/\/sloengeldage.dk\/index.php\/wp-json\/wp\/v2\/comments?post=3140"}],"version-history":[{"count":11,"href":"https:\/\/sloengeldage.dk\/index.php\/wp-json\/wp\/v2\/pages\/3140\/revisions"}],"predecessor-version":[{"id":3612,"href":"https:\/\/sloengeldage.dk\/index.php\/wp-json\/wp\/v2\/pages\/3140\/revisions\/3612"}],"wp:attachment":[{"href":"https:\/\/sloengeldage.dk\/index.php\/wp-json\/wp\/v2\/media?parent=3140"}],"wp:term":[{"taxonomy":"folder","embeddable":true,"href":"https:\/\/sloengeldage.dk\/index.php\/wp-json\/wp\/v2\/folder?post=3140"}],"curies":[{"name":"wp","href":"https:\/\/api.w.org\/{rel}","templated":true}]}}