{"id":2501,"date":"2025-09-26T09:55:47","date_gmt":"2025-09-26T09:55:47","guid":{"rendered":"https:\/\/167.235.1.82\/~sloengel\/nyside\/?page_id=2501"},"modified":"2026-05-06T07:53:16","modified_gmt":"2026-05-06T07:53:16","slug":"jan-kjaer","status":"publish","type":"page","link":"https:\/\/sloengeldage.dk\/index.php\/jan-kjaer\/","title":{"rendered":"Jan Kj\u00e6r"},"content":{"rendered":"<div class=\"brz brz-root__container brz-reset-all brz-root__container-page\">\n<section id=\"px5S9YPWGylN_px5S9YPWGylN\" class=\"brz-section brz-css-7pbehx brz-css-jp1yfj\">\n<div class=\"brz-section__content brz-section--boxed brz-css-3krujl brz-css-1eisjlh\" data-brz-custom-id=\"abZ8Fuq3XNRj\">\n<div class=\"brz-container brz-css-3ss370 brz-css-yxsgor\">\n<div class=\"brz-row__container brz-css-4w5h7f brz-css-cliki3\" data-brz-custom-id=\"gKhWDXf3NxTS\">\n<div class=\"brz-row brz-css-xiki79 brz-css-1hcmy35 brz-css-1whg199\">\n<div class=\"brz-columns brz-css-f51ty0 brz-css-frqsuw\" data-brz-custom-id=\"eDyd4lZNezDq\">\n<div class=\"brz-bg\">\n<div class=\"brz-bg-color\"><\/div>\n<\/div>\n<div class=\"brz-column__items brz-css-1xc5gb5 brz-css-195e33t\">\n<div id=\"\" class=\"brz-css-1ubtf9g brz-css-uqz3f brz-wrapper\">\n<div class=\"brz-image brz-css-z9i7op brz-css-1pvzwhx\" data-brz-custom-id=\"adSWlS_gpKs5\"><img decoding=\"async\" class=\"brz-img\" src=\"https:\/\/167.235.1.82\/~sloengel\/nyside\/wp-content\/uploads\/Jan-Kjaer-Bogforside-DRAGEN_RGB_lowres_1400px-1076x1536-1.jpg\" loading=\"lazy\" alt=\"\" title=\"Jan Kj\u00e6r, Bogforside, DRAGEN_RGB_lowres_1400px-1076x1536\"><\/div>\n<\/div>\n<\/div>\n<\/div>\n<div class=\"brz-columns brz-css-f51ty0 brz-css-1wv6o7d\" data-brz-custom-id=\"rnDC3JUVc78N\">\n<div class=\"brz-bg\">\n<div class=\"brz-bg-color\"><\/div>\n<\/div>\n<div class=\"brz-column__items brz-css-1xc5gb5 brz-css-sp9j34\">\n<div id=\"\" class=\"brz-css-1ubtf9g brz-css-2ctf2z brz-wrapper\">\n<div class=\"brz-rich-text brz-rich-text__custom brz-css-oxtkz brz-css-pfhfca\" data-brz-custom-id=\"uK3iHLbq2Qz4\">\n<div data-brz-translate-text=\"1\">\n<p class=\"brz-text-lg-center brz-tp-lg-p6v2dfHnW29e brz-css-txPjW\" data-generated-css=\"brz-css-cirFk\" data-uniq-id=\"oHuND\"><span class=\"brz-cp-color5\">Jan Kj\u00e6r<\/span><\/p>\n<h1 class=\"brz-tp-lg-heading1 brz-text-lg-center brz-css-jlvq4\" data-generated-css=\"brz-css-tYxSQ\" data-uniq-id=\"n9z4I\"><span class=\"brz-cp-color8\">foredrag<\/span><\/h1>\n<\/div>\n<\/div>\n<\/div>\n<\/div>\n<\/div>\n<div class=\"brz-columns brz-css-f51ty0 brz-css-xpnr6n\" data-brz-custom-id=\"r_TO_l9RSanw\">\n<div class=\"brz-bg\">\n<div class=\"brz-bg-color\"><\/div>\n<\/div>\n<div class=\"brz-column__items brz-css-1xc5gb5 brz-css-1hzmunb\">\n<div id=\"\" class=\"brz-css-1ubtf9g brz-css-1rztbd8 brz-wrapper\">\n<div class=\"brz-image brz-css-11tjajq brz-css-3s202w\" data-brz-custom-id=\"bnXFIuFI7bHQ\"><img decoding=\"async\" class=\"brz-img\" src=\"https:\/\/167.235.1.82\/~sloengel\/nyside\/wp-content\/uploads\/JanKjaerJK3_SH_300ppi_25cm.jpg\" loading=\"lazy\" alt=\"\" title=\"Jan+Kj\u00e6r,+JK3_SH_300ppi_25cm\"><\/div>\n<\/div>\n<\/div>\n<\/div>\n<\/div>\n<\/div>\n<\/div>\n<\/div>\n<\/section>\n<section id=\"u2ja_3LmkPZr_u2ja_3LmkPZr\" class=\"brz-section brz-css-k4y67f brz-css-2i09ff\">\n<div class=\"brz-section__content brz-section--boxed brz-css-1syh6nd brz-css-8byqjf\" data-brz-custom-id=\"xFMR3HM5ZJ9K\">\n<div class=\"brz-bg\">\n<div class=\"brz-bg-color\"><\/div>\n<\/div>\n<div class=\"brz-container brz-css-778amg brz-css-1pf9ui6\">\n<div class=\"brz-row__container brz-css-54dgfm brz-css-mjyah1\" data-brz-custom-id=\"yvxLoVy_y2Bv\">\n<div class=\"brz-row brz-css-n02fpw brz-css-rb3zbk brz-css-1dsrncj\">\n<div class=\"brz-columns brz-css-15gx26c brz-css-si7hms\" data-brz-custom-id=\"lcbLijykC6pQ\">\n<div class=\"brz-column__items brz-css-tr1gk8 brz-css-1ogxxx0\">\n<div id=\"\" class=\"brz-css-1khsbo1 brz-css-1gr1ulx brz-wrapper\">\n<div class=\"brz-menu__container brz-css-nwhxr0 brz-css-emyd8s\" data-mmenu-id=\"#yu1XC9UXbO8v_73921ab568b585d68c09\" data-mmenu-position=\"position-left\" data-mmenu-title=\"Menu\" data-mmenu-stickytitle=\"off\" data-mmenu-isslider=\"false\" data-mmenu-closingicon=\"%7B%22desktop%22%3A%22off%22%2C%22tablet%22%3A%22off%22%2C%22mobile%22%3A%22off%22%7D\" data-brz-custom-id=\"yu1XC9UXbO8v\">\n<nav data-mods=\"%7B%22desktop%22%3A%22vertical%22%2C%22tablet%22%3A%22vertical%22%2C%22mobile%22%3A%22vertical%22%7D\" class=\"brz-menu brz-menu__preview brz-css-om9ltb brz-css-bguj29\">\n<ul class=\"brz-menu__ul\" data-menu-items-active=\"\">\n<li data-menu-item-id=\"5a450b6d30ba7e4642c858270bb62ba6\" class=\"brz-menu__item menu-item menu-item-type-post_type menu-item-object-page\"><a class=\"brz-a\" target=\"\" href=\"https:\/\/167.235.1.82\/~sloengel\/nyside\/index.php\/andreas-boeskov\/\" title=\"\"><span class=\"brz-span\">Andreas Boeskov<\/span><\/a><\/li>\n<li data-menu-item-id=\"c3c1c17cda31133870aa517efb554875\" class=\"brz-menu__item menu-item menu-item-type-post_type menu-item-object-page\"><a class=\"brz-a\" target=\"\" href=\"https:\/\/167.235.1.82\/~sloengel\/nyside\/index.php\/benni-boedker\/\" title=\"\"><span class=\"brz-span\">Benni B\u00f8dker<\/span><\/a><\/li>\n<li data-menu-item-id=\"e3fc41b6702d64d170a01ef8858b8d70\" class=\"brz-menu__item menu-item menu-item-type-post_type menu-item-object-page\"><a class=\"brz-a\" target=\"\" href=\"https:\/\/167.235.1.82\/~sloengel\/nyside\/index.php\/jan-kjaer\/\" title=\"\"><span class=\"brz-span\">Jan Kj\u00e6r<\/span><\/a><\/li>\n<li data-menu-item-id=\"b02ac084ed53f26b0cc25032d03a24de\" class=\"brz-menu__item menu-item menu-item-type-post_type menu-item-object-page\"><a class=\"brz-a\" target=\"\" href=\"https:\/\/167.235.1.82\/~sloengel\/nyside\/index.php\/lg-jensen-og-sandra-schwartz\/\" title=\"\"><span class=\"brz-span\">LG Jensen og Sandra Schwartz<\/span><\/a><\/li>\n<li data-menu-item-id=\"7ebeac9dbd80ff03e7876f5b50217bb9\" class=\"brz-menu__item menu-item menu-item-type-post_type menu-item-object-page\"><a class=\"brz-a\" target=\"\" href=\"https:\/\/167.235.1.82\/~sloengel\/nyside\/index.php\/maria-roerbaek\/\" title=\"\"><span class=\"brz-span\">Maria R\u00f8rb\u00e6k<\/span><\/a><\/li>\n<li data-menu-item-id=\"2d7e0db76fc034d1aa775e33e6699439\" class=\"brz-menu__item menu-item menu-item-type-post_type menu-item-object-page\"><a class=\"brz-a\" target=\"\" href=\"https:\/\/167.235.1.82\/~sloengel\/nyside\/index.php\/mette-vedsoe\/\" title=\"\"><span class=\"brz-span\">Mette Veds\u00f8<\/span><\/a><\/li>\n<li data-menu-item-id=\"3105d905ba1fe3ef550f13742b49792a\" class=\"brz-menu__item menu-item menu-item-type-post_type menu-item-object-page\"><a class=\"brz-a\" target=\"\" href=\"https:\/\/167.235.1.82\/~sloengel\/nyside\/index.php\/nor-og-far\/\" title=\"\"><span class=\"brz-span\">Nor og Far<\/span><\/a><\/li>\n<li data-menu-item-id=\"a0c2762cbf263c8df0c1431957f6c889\" class=\"brz-menu__item menu-item menu-item-type-post_type menu-item-object-page\"><a class=\"brz-a\" target=\"\" href=\"https:\/\/167.235.1.82\/~sloengel\/nyside\/index.php\/sigurd-barrett\/\" title=\"\"><span class=\"brz-span\">Sigurd Barrett<\/span><\/a><\/li>\n<li data-menu-item-id=\"8a8afe0cfa396f9d52ec4ee51c97fb97\" class=\"brz-menu__item menu-item menu-item-type-post_type menu-item-object-page\"><a class=\"brz-a\" target=\"\" href=\"https:\/\/167.235.1.82\/~sloengel\/nyside\/index.php\/sophie-souid-thomas-hjorthaab\/\" title=\"\"><span class=\"brz-span\">Sophie Souid &amp; Thomas Hjorthaab<\/span><\/a><\/li>\n<\/ul>\n<\/nav>\n<div class=\"brz-mm-menu__icon\" data-brz-brz-mmenu-icon=\"off\"><\/div>\n<nav data-mods=\"%7B%22desktop%22%3A%22vertical%22%2C%22tablet%22%3A%22vertical%22%2C%22mobile%22%3A%22vertical%22%7D\" id=\"yu1XC9UXbO8v_73921ab568b585d68c09\" class=\"brz-menu brz-menu__preview brz-menu__mmenu brz-css-lyrr78 brz-css-1yn38e7\">\n<ul class=\"brz-menu__ul\" data-menu-items-active=\"\">\n<li data-menu-item-id=\"5a450b6d30ba7e4642c858270bb62ba6\" class=\"brz-menu__item menu-item menu-item-type-post_type menu-item-object-page\"><a class=\"brz-a\" target=\"\" href=\"https:\/\/167.235.1.82\/~sloengel\/nyside\/index.php\/andreas-boeskov\/\" title=\"\"><span class=\"brz-span\">Andreas Boeskov<\/span><\/a><\/li>\n<li data-menu-item-id=\"c3c1c17cda31133870aa517efb554875\" class=\"brz-menu__item menu-item menu-item-type-post_type menu-item-object-page\"><a class=\"brz-a\" target=\"\" href=\"https:\/\/167.235.1.82\/~sloengel\/nyside\/index.php\/benni-boedker\/\" title=\"\"><span class=\"brz-span\">Benni B\u00f8dker<\/span><\/a><\/li>\n<li data-menu-item-id=\"e3fc41b6702d64d170a01ef8858b8d70\" class=\"brz-menu__item menu-item menu-item-type-post_type menu-item-object-page\"><a class=\"brz-a\" target=\"\" href=\"https:\/\/167.235.1.82\/~sloengel\/nyside\/index.php\/jan-kjaer\/\" title=\"\"><span class=\"brz-span\">Jan Kj\u00e6r<\/span><\/a><\/li>\n<li data-menu-item-id=\"b02ac084ed53f26b0cc25032d03a24de\" class=\"brz-menu__item menu-item menu-item-type-post_type menu-item-object-page\"><a class=\"brz-a\" target=\"\" href=\"https:\/\/167.235.1.82\/~sloengel\/nyside\/index.php\/lg-jensen-og-sandra-schwartz\/\" title=\"\"><span class=\"brz-span\">LG Jensen og Sandra Schwartz<\/span><\/a><\/li>\n<li data-menu-item-id=\"7ebeac9dbd80ff03e7876f5b50217bb9\" class=\"brz-menu__item menu-item menu-item-type-post_type menu-item-object-page\"><a class=\"brz-a\" target=\"\" href=\"https:\/\/167.235.1.82\/~sloengel\/nyside\/index.php\/maria-roerbaek\/\" title=\"\"><span class=\"brz-span\">Maria R\u00f8rb\u00e6k<\/span><\/a><\/li>\n<li data-menu-item-id=\"2d7e0db76fc034d1aa775e33e6699439\" class=\"brz-menu__item menu-item menu-item-type-post_type menu-item-object-page\"><a class=\"brz-a\" target=\"\" href=\"https:\/\/167.235.1.82\/~sloengel\/nyside\/index.php\/mette-vedsoe\/\" title=\"\"><span class=\"brz-span\">Mette Veds\u00f8<\/span><\/a><\/li>\n<li data-menu-item-id=\"3105d905ba1fe3ef550f13742b49792a\" class=\"brz-menu__item menu-item menu-item-type-post_type menu-item-object-page\"><a class=\"brz-a\" target=\"\" href=\"https:\/\/167.235.1.82\/~sloengel\/nyside\/index.php\/nor-og-far\/\" title=\"\"><span class=\"brz-span\">Nor og Far<\/span><\/a><\/li>\n<li data-menu-item-id=\"a0c2762cbf263c8df0c1431957f6c889\" class=\"brz-menu__item menu-item menu-item-type-post_type menu-item-object-page\"><a class=\"brz-a\" target=\"\" href=\"https:\/\/167.235.1.82\/~sloengel\/nyside\/index.php\/sigurd-barrett\/\" title=\"\"><span class=\"brz-span\">Sigurd Barrett<\/span><\/a><\/li>\n<li data-menu-item-id=\"8a8afe0cfa396f9d52ec4ee51c97fb97\" class=\"brz-menu__item menu-item menu-item-type-post_type menu-item-object-page\"><a class=\"brz-a\" target=\"\" href=\"https:\/\/167.235.1.82\/~sloengel\/nyside\/index.php\/sophie-souid-thomas-hjorthaab\/\" title=\"\"><span class=\"brz-span\">Sophie Souid &amp; Thomas Hjorthaab<\/span><\/a><\/li>\n<\/ul>\n<\/nav>\n<\/div>\n<\/div>\n<\/div>\n<\/div>\n<div class=\"brz-columns brz-css-15gx26c brz-css-1ras6mk\" data-brz-custom-id=\"j0sHK3aquQ1_\">\n<div class=\"brz-column__items brz-css-tr1gk8 brz-css-1y562ec\">\n<div id=\"\" class=\"brz-css-1khsbo1 brz-css-12j8ke1 brz-wrapper\">\n<div class=\"brz-rich-text brz-rich-text__custom brz-css-9bxqv0 brz-css-pgumz1\" data-brz-custom-id=\"q3FWHRgLTkt_\">\n<div data-brz-translate-text=\"1\">\n<p class=\"brz-fs-lg-40 brz-ft-google brz-ff-roboto brz-tp-lg-empty ql-align-center brz-text-lg-center brz-fss-lg-px brz-fw-lg-700 brz-ls-lg-m_1_5 brz-lh-lg-1_3 brz-vfw-lg-400 brz-fwdth-lg-100 brz-fsft-lg-0 brz-css-zvXuf\" data-generated-css=\"brz-css-l72Z9\" data-uniq-id=\"dKrB1\"><span class=\"brz-cp-color4\">Jan Kj\u00e6r<\/span><\/p>\n<\/div>\n<\/div>\n<\/div>\n<div id=\"\" class=\"brz-css-1khsbo1 brz-css-wcgrzq brz-wrapper\">\n<div class=\"brz-rich-text brz-rich-text__custom brz-css-9bxqv0 brz-css-lo241c\" data-brz-custom-id=\"kjlbH0XthI8F\">\n<div data-brz-translate-text=\"1\">\n<p class=\"brz-tp-lg-empty brz-ff-roboto brz-ft-google brz-fs-lg-20 brz-fss-lg-px brz-fw-lg-400 brz-ls-lg-0 brz-lh-lg-1_7 brz-vfw-lg-400 brz-fwdth-lg-100 brz-fsft-lg-0 brz-css-a7fFg\" data-uniq-id=\"tUViv\" data-generated-css=\"brz-css-yPol2\"><span class=\"brz-cp-color1 brz-span\" style=\"background-color: transparent\">Jan Kj\u00e6rs fantasyserier om bl.a. Nomerne, Taynikma og Rexmano er kendt af de fleste skoleb\u00f8rn. I sit foredrag fort\u00e6ller Jan Kj\u00e6r om sin vej til at blive professionel forfatter og tegner. Det hele er krydret med sjove og sk\u00f8re anekdoter fra tiden som tegner i Hollywoods filmbranche og for internationale firmaer som LEGO. <\/span><\/p>\n<p class=\"brz-tp-lg-empty brz-ff-roboto brz-ft-google brz-fs-lg-20 brz-fss-lg-px brz-fw-lg-400 brz-ls-lg-0 brz-lh-lg-1_7 brz-vfw-lg-400 brz-fwdth-lg-100 brz-fsft-lg-0 brz-css-u8o1s\" data-uniq-id=\"tUViv\" data-generated-css=\"brz-css-yPol2\"><span class=\"brz-cp-color1 brz-span\" style=\"background-color: transparent\">Med udgangspunkt i egne b\u00f8ger og illustrationer gennemg\u00e5r Jan Kj\u00e6r hvordan man opbygger en historie, hvor man f\u00e5r ideerne fra og hvilke tricks man bruger som tegner for at lave f\u00e6ngende illustrationer. <\/span><\/p>\n<\/div>\n<\/div>\n<\/div>\n<div class=\"brz-wrapper-clone brz-flex-xs-wrap brz-css-m5mvmz brz-css-6mcke1\" data-brz-custom-id=\"oJ03qYrMC4KQ\"><a class=\"brz-a brz-btn brz-css-1lhfzpc brz-css-12jzxu5 brz-css-pyqdh0 brz-css-9hn4sy\" href=\"http:\/\/www.jankjaer.dk\/\" target=\"_self\" rel=\"noopener\" data-brz-link-type=\"external\" data-brz-custom-id=\"t1rDP9cbiwLt\"><span data-brz-translate-text=\"1\" class=\"brz-span brz-text__editor\">L\u00e6s mere om Jan Kj\u00e6r<\/span><\/a><\/div>\n<\/div>\n<\/div>\n<\/div>\n<\/div>\n<\/div>\n<\/div>\n<\/section><\/div>\n<p><!-- version:1758883468 --><\/p>\n","protected":false},"excerpt":{"rendered":"<p>Jan Kj\u00e6r foredrag Andreas Boeskov Benni B\u00f8dker Jan Kj\u00e6r LG Jensen og Sandra Schwartz Maria R\u00f8rb\u00e6k Mette Veds\u00f8 Nor og Far Sigurd Barrett Sophie Souid &amp; Thomas Hjorthaab Andreas Boeskov Benni B\u00f8dker Jan Kj\u00e6r LG Jensen og Sandra Schwartz Maria R\u00f8rb\u00e6k Mette Veds\u00f8 Nor og Far Sigurd Barrett Sophie Souid &amp; Thomas Hjorthaab Jan Kj\u00e6r &hellip; <\/p>\n<p class=\"link-more\"><a href=\"https:\/\/sloengeldage.dk\/index.php\/jan-kjaer\/\" class=\"more-link\">Continue reading<span class=\"screen-reader-text\"> &#8220;Jan Kj\u00e6r&#8221;<\/span><\/a><\/p>\n","protected":false},"author":1,"featured_media":0,"parent":0,"menu_order":0,"comment_status":"closed","ping_status":"closed","template":"brizy-blank-template.php","meta":{"footnotes":""},"folder":[102],"class_list":["post-2501","page","type-page","status-publish","hentry","entry"],"brizy_media":[{"id":2507,"url":"https:\/\/sloengeldage.dk\/wp-content\/uploads\/JanKjaerJK3_SH_300ppi_25cm.jpg","name":"JanKjaerJK3_SH_300ppi_25cm.jpg","meta":{"brizy_attachment_uid":"wp-7943a69f3c631b8a41bf7936e65e4294.jpg","brizy_post_uid":["93ec730e1abc8ff9b600f8541eef2801","c01d2e30a9326151559940b52cf26a89","01535875b694cabb84a3e7e5cebf38e9"]}},{"id":2508,"url":"https:\/\/sloengeldage.dk\/wp-content\/uploads\/Jan-Kjaer-Bogforside-DRAGEN_RGB_lowres_1400px-1076x1536-1.jpg","name":"Jan-Kjaer-Bogforside-DRAGEN_RGB_lowres_1400px-1076x1536-1.jpg","meta":{"brizy_attachment_uid":"wp-618da22d57edde263275245fe7bdd136.jpg","brizy_post_uid":["93ec730e1abc8ff9b600f8541eef2801"]}}],"_links":{"self":[{"href":"https:\/\/sloengeldage.dk\/index.php\/wp-json\/wp\/v2\/pages\/2501","targetHints":{"allow":["GET"]}}],"collection":[{"href":"https:\/\/sloengeldage.dk\/index.php\/wp-json\/wp\/v2\/pages"}],"about":[{"href":"https:\/\/sloengeldage.dk\/index.php\/wp-json\/wp\/v2\/types\/page"}],"author":[{"embeddable":true,"href":"https:\/\/sloengeldage.dk\/index.php\/wp-json\/wp\/v2\/users\/1"}],"replies":[{"embeddable":true,"href":"https:\/\/sloengeldage.dk\/index.php\/wp-json\/wp\/v2\/comments?post=2501"}],"version-history":[{"count":5,"href":"https:\/\/sloengeldage.dk\/index.php\/wp-json\/wp\/v2\/pages\/2501\/revisions"}],"predecessor-version":[{"id":2562,"href":"https:\/\/sloengeldage.dk\/index.php\/wp-json\/wp\/v2\/pages\/2501\/revisions\/2562"}],"wp:attachment":[{"href":"https:\/\/sloengeldage.dk\/index.php\/wp-json\/wp\/v2\/media?parent=2501"}],"wp:term":[{"taxonomy":"folder","embeddable":true,"href":"https:\/\/sloengeldage.dk\/index.php\/wp-json\/wp\/v2\/folder?post=2501"}],"curies":[{"name":"wp","href":"https:\/\/api.w.org\/{rel}","templated":true}]}}