{"id":1415,"date":"2025-07-31T10:54:41","date_gmt":"2025-07-31T10:54:41","guid":{"rendered":"http:\/\/167.235.1.82\/~sloengel\/nyside\/?page_id=1415"},"modified":"2026-04-07T09:20:29","modified_gmt":"2026-04-07T09:20:29","slug":"mad-drikke-og-parkering","status":"publish","type":"page","link":"https:\/\/sloengeldage.dk\/index.php\/mad-drikke-og-parkering\/","title":{"rendered":"Mad, drikke og parkering"},"content":{"rendered":"<div class=\"brz brz-root__container brz-reset-all brz-root__container-page\" >\n<section id=\"gUOjqEcCjhQq_gUOjqEcCjhQq\" class=\"brz-section brz-css-d-section brz-css-3ouq3m\">\n<div class=\"brz-section__content brz-section--boxed brz-css-d-sectionitem-bg brz-css-xxp48k\" data-brz-custom-id=\"wEASxng8RilR\">\n<div class=\"brz-bg\">\n<div class=\"brz-bg-image\"><\/div>\n<\/div>\n<div class=\"brz-container brz-css-d-sectionitem-container brz-css-1yu0s39\">\n<div id=\"\" class=\"brz-css-d-wrapper brz-css-1j0msch brz-wrapper\">\n<div class=\"brz-rich-text brz-rich-text__custom brz-css-d-richtext brz-css-158o3b\" data-brz-custom-id=\"okD7UmoujkUs\">\n<div data-brz-translate-text=\"1\">\n<p class=\"brz-tp-lg-p6v2dfHnW29e brz-fs-lg-55 brz-ft-google brz-ff-roboto brz-fsft-lg-0 brz-fwdth-lg-100 brz-vfw-lg-400 brz-lh-lg-1_7 brz-ls-lg-0 brz-fw-lg-700 brz-fss-lg-px brz-text-lg-center brz-css-hBdN2\" data-uniq-id=\"wJfaq\" data-generated-css=\"brz-css-jfoyk\"><\/p>\n<p class=\"brz-tp-lg-paragraph brz-css-eQ4ck\" data-uniq-id=\"djjoj\" data-generated-css=\"brz-css-dSv0O\"><\/p>\n<\/div>\n<\/div>\n<\/div>\n<\/div>\n<\/div>\n<\/section>\n<section id=\"w0o0mKxe3uuJ_w0o0mKxe3uuJ\" class=\"brz-section brz-css-d-section brz-css-t46jc7\">\n<div class=\"brz-section__content brz-section--boxed brz-css-d-sectionitem-bg brz-css-xglr7f\" data-brz-custom-id=\"bSq6pSUp4KLb\">\n<div class=\"brz-bg\">\n<div class=\"brz-bg-color\"><\/div>\n<\/div>\n<div class=\"brz-container brz-css-d-sectionitem-container brz-css-1sbdcn0\">\n<div class=\"brz-row__container brz-css-d-row-row brz-css-1qq6ehg\" data-brz-custom-id=\"rbtXRurNtDmE\">\n<div class=\"brz-row brz-css-d-row-container brz-css-r-row-container brz-css-96edt4\">\n<div class=\"brz-columns brz-css-d-column-column brz-css-logpdx\" data-brz-custom-id=\"w6NLeiH1P3iX\">\n<div class=\"brz-column__items brz-css-d-column-bg brz-css-k6nzli\">\n<div id=\"\" class=\"brz-css-d-wrapper brz-css-1d3x84q brz-wrapper\">\n<div class=\"brz-menu__container brz-css-d-menu-menu-container brz-css-s9mqji\" data-mmenu-id=\"#qJVO2FVYzhag_9f3973f7c0bc6960e079\" data-mmenu-position=\"position-left\" data-mmenu-title=\"Menu\" data-mmenu-stickytitle=\"off\" data-mmenu-isslider=\"false\" data-mmenu-closingicon=\"%7B%22desktop%22%3A%22off%22%2C%22tablet%22%3A%22off%22%2C%22mobile%22%3A%22off%22%7D\" data-brz-menu-accessible=\"true\" data-brz-custom-id=\"qJVO2FVYzhag\">\n<nav data-mods=\"%7B%22desktop%22%3A%22vertical%22%2C%22tablet%22%3A%22vertical%22%2C%22mobile%22%3A%22vertical%22%7D\" class=\"brz-menu brz-menu__preview brz-css-d-menu-menu brz-css-15v8ico\">\n<ul class=\"brz-menu__ul\" data-menu-items-active=\"\">\n<li data-menu-item-id=\"c268f39a38b885fd7bdeb18b932983dd\" class=\"brz-menu__item menu-item menu-item-type-post_type menu-item-object-page\"><a class=\"brz-a\" target=\"\" href=\"https:\/\/sloengeldage.dk\/index.php\/program-byparken\/\"><span class=\"brz-span\">Program Byparken<\/span><\/a><\/li>\n<li data-menu-item-id=\"03e573b58f92f17791441f24321ce81c\" class=\"brz-menu__item menu-item menu-item-type-post_type menu-item-object-page\"><a class=\"brz-a\" target=\"\" href=\"https:\/\/sloengeldage.dk\/index.php\/progam-kulturhuset\/\"><span class=\"brz-span\">Program Kulturhuset<\/span><\/a><\/li>\n<li data-menu-item-id=\"f54606aa7439ecf690ff1672e0ad09a2\" class=\"brz-menu__item menu-item menu-item-type-post_type menu-item-object-page\"><a class=\"brz-a\" target=\"\" href=\"https:\/\/sloengeldage.dk\/index.php\/program-kulturtorv\/\"><span class=\"brz-span\">Program Kulturtorv<\/span><\/a><\/li>\n<li data-menu-item-id=\"9d484c839893af08d6ee6a94ebf1dcb1\" class=\"brz-menu__item menu-item menu-item-type-post_type menu-item-object-page\"><a class=\"brz-a\" target=\"\" href=\"https:\/\/sloengeldage.dk\/index.php\/udstillinger-og-stande\/\"><span class=\"brz-span\">Udstillinger og stande<\/span><\/a><\/li>\n<li data-menu-item-id=\"cb236096e3ff0bedd74d03946a33eac7\" class=\"brz-menu__item menu-item menu-item-type-post_type menu-item-object-page\"><a class=\"brz-a\" target=\"\" href=\"https:\/\/sloengeldage.dk\/index.php\/mad-drikke-og-parkering\/\"><span class=\"brz-span\">Mad, drikke og parkering<\/span><\/a><\/li>\n<li data-menu-item-id=\"41167c07c36a38ddd5b33dccac07ba53\" class=\"brz-menu__item menu-item menu-item-type-post_type menu-item-object-page\"><a class=\"brz-a\" target=\"\" href=\"https:\/\/sloengeldage.dk\/index.php\/byvandring-i-ole-lund-kirkegaards-fodspor\/\"><span class=\"brz-span\">Byvandring i Ole Lund Kirkegaards fodspor<\/span><\/a><\/li>\n<\/ul>\n<\/nav>\n<div class=\"brz-mm-menu__icon\" data-brz-brz-mmenu-icon=\"off\" aria-label=\"Open navigation menu\"><\/div>\n<nav data-mods=\"%7B%22desktop%22%3A%22vertical%22%2C%22tablet%22%3A%22vertical%22%2C%22mobile%22%3A%22vertical%22%7D\" id=\"qJVO2FVYzhag_9f3973f7c0bc6960e079\" class=\"brz-menu brz-menu__preview brz-menu__mmenu brz-css-d-menu-mmenu brz-css-3reqmk\">\n<ul class=\"brz-menu__ul\" data-menu-items-active=\"\">\n<li data-menu-item-id=\"c268f39a38b885fd7bdeb18b932983dd\" class=\"brz-menu__item menu-item menu-item-type-post_type menu-item-object-page\"><a class=\"brz-a\" target=\"\" href=\"https:\/\/sloengeldage.dk\/index.php\/program-byparken\/\"><span class=\"brz-span\">Program Byparken<\/span><\/a><\/li>\n<li data-menu-item-id=\"03e573b58f92f17791441f24321ce81c\" class=\"brz-menu__item menu-item menu-item-type-post_type menu-item-object-page\"><a class=\"brz-a\" target=\"\" href=\"https:\/\/sloengeldage.dk\/index.php\/progam-kulturhuset\/\"><span class=\"brz-span\">Program Kulturhuset<\/span><\/a><\/li>\n<li data-menu-item-id=\"f54606aa7439ecf690ff1672e0ad09a2\" class=\"brz-menu__item menu-item menu-item-type-post_type menu-item-object-page\"><a class=\"brz-a\" target=\"\" href=\"https:\/\/sloengeldage.dk\/index.php\/program-kulturtorv\/\"><span class=\"brz-span\">Program Kulturtorv<\/span><\/a><\/li>\n<li data-menu-item-id=\"9d484c839893af08d6ee6a94ebf1dcb1\" class=\"brz-menu__item menu-item menu-item-type-post_type menu-item-object-page\"><a class=\"brz-a\" target=\"\" href=\"https:\/\/sloengeldage.dk\/index.php\/udstillinger-og-stande\/\"><span class=\"brz-span\">Udstillinger og stande<\/span><\/a><\/li>\n<li data-menu-item-id=\"cb236096e3ff0bedd74d03946a33eac7\" class=\"brz-menu__item menu-item menu-item-type-post_type menu-item-object-page\"><a class=\"brz-a\" target=\"\" href=\"https:\/\/sloengeldage.dk\/index.php\/mad-drikke-og-parkering\/\"><span class=\"brz-span\">Mad, drikke og parkering<\/span><\/a><\/li>\n<li data-menu-item-id=\"41167c07c36a38ddd5b33dccac07ba53\" class=\"brz-menu__item menu-item menu-item-type-post_type menu-item-object-page\"><a class=\"brz-a\" target=\"\" href=\"https:\/\/sloengeldage.dk\/index.php\/byvandring-i-ole-lund-kirkegaards-fodspor\/\"><span class=\"brz-span\">Byvandring i Ole Lund Kirkegaards fodspor<\/span><\/a><\/li>\n<\/ul>\n<\/nav>\n<\/div>\n<\/div>\n<\/div>\n<\/div>\n<div class=\"brz-columns brz-css-d-column-column brz-css-lkbwz5\" data-brz-custom-id=\"d9N61oytx9Pm\">\n<div class=\"brz-column__items brz-css-d-column-bg brz-css-qot5ua\">\n<div id=\"\" class=\"brz-css-d-wrapper brz-css-lpd3dh brz-wrapper\">\n<div class=\"brz-rich-text brz-rich-text__custom brz-css-d-richtext brz-css-nxhy06\" data-brz-custom-id=\"sYERvjW_yr6Z\">\n<div data-brz-translate-text=\"1\">\n<h1 class=\"brz-tp-lg-heading1 brz-ff-roboto brz-ft-google brz-fs-lg-36 brz-fss-lg-px brz-fw-lg-700 brz-ls-lg-m_1_5 brz-lh-lg-1_3 brz-vfw-lg-400 brz-fwdth-lg-100 brz-fsft-lg-0 brz-text-lg-justify brz-css-mKr3A\" data-generated-css=\"brz-css-w47up\" data-uniq-id=\"a8F5f\"><span style=\"color: rgba(var(--brz-global-color5),1);\" class=\"brz-cp-color5\">Mad, drikke og parkering<\/span><\/h1>\n<\/div>\n<\/div>\n<\/div>\n<div class=\"brz-wrapper-clone brz-flex-xs-wrap brz-css-d-cloneable brz-css-dzlnz3\" data-brz-custom-id=\"mHFbG_kXGKrb\"><a class=\"brz-a brz-btn brz-css-d-button brz-css-97uoi brz-css-d-button-bg brz-css-1ifrbv0\" target=\"_self\" rel=\"noopener\" href=\"javascript:history.go(-1)\" data-brz-link-type=\"external\" data-brz-custom-id=\"i66KpFUjbcyD\"><svg class=\"brz-icon-svg align-[initial] brz-css-d-button-icon brz-css-1177b2\"><use href=\"\/wp-content\/plugins\/brizy\/public\/editor-build\/prod\/editor\/icons\/glyph\/tail-triangle-left.svg#nc_icon\"><\/use><\/svg><span data-brz-translate-text=\"1\" class=\"brz-span brz-text__editor\">Tilbage<\/span><\/a><\/div>\n<div id=\"\" class=\"brz-css-d-wrapper brz-css-vr3yh9 brz-wrapper\">\n<div class=\"brz-rich-text brz-rich-text__custom brz-css-d-richtext brz-css-1sgwl01\" data-brz-custom-id=\"riRMvRPYmz90\">\n<div data-brz-translate-text=\"1\">\n<h2 class=\"brz-tp-lg-heading2 brz-ff-roboto brz-ft-google brz-fs-lg-25 brz-fss-lg-px brz-fw-lg-700 brz-ls-lg-m_1_5 brz-lh-lg-1_3 brz-vfw-lg-400 brz-fwdth-lg-100 brz-fsft-lg-0 brz-text-lg-justify brz-css-fRFKp\" data-generated-css=\"brz-css-rRwwE\" data-uniq-id=\"vD5qg\"><span class=\"brz-cp-color5\" style=\"color: rgba(var(--brz-global-color5),1);\">Mad og drikke<\/span><\/h2>\n<\/div>\n<\/div>\n<\/div>\n<div id=\"\" class=\"brz-css-d-wrapper brz-css-1c335jm brz-wrapper\">\n<div class=\"brz-rich-text brz-rich-text__custom brz-css-d-richtext brz-css-1d2xe85\" data-brz-custom-id=\"h9Z9h8Hz38sI\">\n<div data-brz-translate-text=\"1\">\n<p class=\"brz-tp-lg-paragraph,empty,empty brz-vfw-lg-400 brz-fwdth-lg-100 brz-fsft-lg-0 brz-ff-roboto brz-ft-google brz-fss-lg-px brz-fw-lg-400 brz-css-jpOkf\" data-uniq-id=\"db3mv\" data-generated-css=\"brz-css-z5mxc\"><span style=\"background-color: transparent;\">Uden mad og drikke dur sl\u00f8nglen ikke. Skal madpakken suppleres, er der flere muligheder:&nbsp;<\/span><\/p>\n<ul>\n<li class=\"brz-vfw-lg-400 brz-fwdth-lg-100 brz-fsft-lg-0 brz-ff-roboto brz-ft-google brz-fss-lg-px brz-fw-lg-400 brz-tp-lg-paragraph,empty,empty brz-css-aVQQC\" data-uniq-id=\"u2Z59\" data-generated-css=\"brz-css-t4o2a\"><span style=\"background-color: transparent;\">Hos <\/span><strong style=\"background-color: transparent;\">Caf\u00e9 Den Bl\u00e5 Havkat <\/strong><span style=\"background-color: transparent;\">p\u00e5 Kulturtorvet kan du k\u00f8be lidt godt til ganen og slukke t\u00f8rsten i kaffe, juice, pizzasnegle, kager og lakridspiber.<\/span><\/li>\n<li class=\"brz-vfw-lg-400 brz-fwdth-lg-100 brz-fsft-lg-0 brz-ff-roboto brz-ft-google brz-fss-lg-px brz-fw-lg-400 brz-tp-lg-paragraph,empty,empty brz-css-cun2U\" data-uniq-id=\"bjlfA\" data-generated-css=\"brz-css-sxpdy\"><strong style=\"background-color: transparent;\">Hodjas Hapser <\/strong><span style=\"background-color: transparent;\">i Byparken<\/span><strong style=\"background-color: transparent;\"> <\/strong><span style=\"background-color: transparent;\">serverer vegetariske falaffelsandwich og samosaruller<\/span><\/li>\n<li class=\"brz-vfw-lg-400 brz-fwdth-lg-100 brz-fsft-lg-0 brz-ff-roboto brz-ft-google brz-fss-lg-px brz-fw-lg-400 brz-tp-lg-paragraph,empty,empty brz-css-hcsHM\" data-uniq-id=\"lI4BL\" data-generated-css=\"brz-css-uvIyf\"><strong style=\"background-color: transparent;\">Det lille konditori<\/strong><span style=\"background-color: transparent;\"> i Byparken byder p\u00e5 forfriskninger, snacks og s\u00f8de sager.<\/span><\/li>\n<li class=\"brz-vfw-lg-400 brz-fwdth-lg-100 brz-fsft-lg-0 brz-ff-roboto brz-ft-google brz-fss-lg-px brz-fw-lg-400 brz-tp-lg-paragraph,empty,empty brz-css-thqcq\" data-uniq-id=\"blByh\" data-generated-css=\"brz-css-cBbBw\"><span style=\"background-color: transparent;\">I<\/span><strong style=\"background-color: transparent;\"> \u201dSlagder-butik\u201d <\/strong><span style=\"background-color: transparent;\">i Byparken kan du gafle dig en varm p\u00f8lse fra grillen.&nbsp;<\/span><\/li>\n<li class=\"brz-vfw-lg-400 brz-fwdth-lg-100 brz-fsft-lg-0 brz-ff-roboto brz-ft-google brz-fss-lg-px brz-fw-lg-400 brz-tp-lg-paragraph,empty,empty brz-css-kzlOL\" data-uniq-id=\"pPeTh\" data-generated-css=\"brz-css-vm_k0\"><span style=\"background-color: transparent;\">Hos <\/span><strong style=\"background-color: transparent;\">H\u00f8keren<\/strong><span style=\"background-color: transparent;\"> p\u00e5 Parkvej kan du forsyne dig med forskellige sliders, rugbr\u00f8dsboller og pizzasnegle og f\u00e5 dig et hvil i skyggen ved de opstillede borde-b\u00e6nkes\u00e6t.<\/span><\/li>\n<li class=\"brz-vfw-lg-400 brz-fwdth-lg-100 brz-fsft-lg-0 brz-ff-roboto brz-ft-google brz-fss-lg-px brz-fw-lg-400 brz-tp-lg-paragraph,empty,empty brz-css-cHcnD\" data-uniq-id=\"eo5da\" data-generated-css=\"brz-css-hDyxk\"><span style=\"background-color: transparent;\">De 3<\/span><strong style=\"background-color: transparent;\"> Popcorn-boder <\/strong><span style=\"background-color: transparent;\">spreder en liflig duft og er leverand\u00f8r af friske popcorn, hvad enten du skal til cirkusforestilling eller til grenh\u00e6ngning.<\/span><\/li>\n<li class=\"brz-vfw-lg-400 brz-fwdth-lg-100 brz-fsft-lg-0 brz-ff-roboto brz-ft-google brz-fss-lg-px brz-fw-lg-400 brz-tp-lg-paragraph,empty,empty brz-css-cxNLb\" data-uniq-id=\"nZlAD\" data-generated-css=\"brz-css-xI4_7\"><strong style=\"color: rgb(0, 0, 0); background-color: transparent;\">Kaf\u00e9 K:<\/strong><span style=\"color: rgb(0, 0, 0); background-color: transparent;\"> Kulturhusets caf\u00e9 byder p\u00e5 is, Sl\u00f8ngelmenu og alt godt til ganen&nbsp;<\/span><span style=\"color: rgb(0, 0, 255); background-color: transparent;\">www.kafek.dk<\/span><\/li>\n<li class=\"brz-tp-lg-empty brz-ff-roboto brz-ft-google brz-fs-lg-18 brz-fss-lg-px brz-fw-lg-400 brz-ls-lg-0_5 brz-lh-lg-1_7 brz-vfw-lg-400 brz-fwdth-lg-100 brz-fsft-lg-0 brz-css-rtkan\" data-uniq-id=\"flIWh\" data-generated-css=\"brz-css-nGu0Y\" style=\"color: rgb(0, 0, 0);\"><span style=\"color: rgb(0, 0, 0); background-color: transparent;\">Skal kaffet\u00f8rsten slukkes, kan du let hente friske forsyninger hos vores mobile<\/span><strong style=\"color: rgb(0, 0, 0); background-color: transparent;\"> kaffebarnevogn og kaffebod.<\/strong><\/li>\n<\/ul>\n<p class=\"brz-bcp-color1 brz-tp-sm-paragraph brz-mt-lg-10 brz-fsft-lg-0 brz-fwdth-lg-100 brz-vfw-lg-400 brz-fw-lg-400 brz-fss-lg-px brz-fs-lg-20 brz-ft-google brz-ff-roboto brz-tp-lg-paragraph brz-css-suNum\" data-uniq-id=\"eFHdT\" data-generated-css=\"brz-css-b3T_2\"><\/p>\n<h2 class=\"brz-fsft-lg-0 brz-fwdth-lg-100 brz-vfw-lg-400 brz-lh-lg-1_3 brz-ls-lg-m_1_5 brz-fw-lg-700 brz-fss-lg-px brz-fs-lg-30 brz-ft-google brz-ff-roboto brz-tp-lg-heading2 brz-text-lg-justify brz-css-vLME7\" data-uniq-id=\"bwi14\" data-generated-css=\"brz-css-uo14L\"><span class=\"brz-cp-color5 brz-span\" style=\"color: rgba(var(--brz-global-color5),1);\">Parkering<\/span><\/h2>\n<p class=\"brz-ff-roboto brz-ft-google brz-fs-lg-20 brz-fss-lg-px brz-fw-lg-400 brz-ls-lg-0 brz-lh-lg-1_7 brz-vfw-lg-400 brz-fwdth-lg-100 brz-fsft-lg-0 brz-tp-lg-paragraph brz-css-rZo3d\" data-uniq-id=\"dbX5Q\" data-generated-css=\"brz-css-zebJO\"><span class=\"brz-cp-color1 brz-span\" style=\"color: rgba(var(--brz-global-color1),1);\">Find hj\u00e6lp til parkering her: <\/span><a class=\"brz-cp-color4 link--external\" style=\"color: rgba(var(--brz-global-color4),1);\" href=\"https:\/\/www.skanderborgcity.dk\/parkering\/\" data-brz-link-type=\"external\">Parkering &#8211; Skanderborgcity.dk<\/a><\/p>\n<p class=\"brz-ff-roboto brz-ft-google brz-fs-lg-20 brz-fss-lg-px brz-fw-lg-400 brz-ls-lg-0 brz-lh-lg-1_7 brz-vfw-lg-400 brz-fwdth-lg-100 brz-fsft-lg-0 brz-tp-lg-paragraph brz-css-hFlj6\" data-uniq-id=\"vKubj\" data-generated-css=\"brz-css-q3tEm\"><a class=\"link--external brz-cp-color4\" style=\"color: rgba(var(--brz-global-color4),1);\" href=\"https:\/\/www.skanderborgcity.dk\/parkering\/\" data-brz-link-type=\"external\"> <\/a><\/p>\n<p class=\"brz-ff-roboto brz-ft-google brz-fs-lg-20 brz-fss-lg-px brz-fw-lg-400 brz-ls-lg-0 brz-lh-lg-1_7 brz-vfw-lg-400 brz-fwdth-lg-100 brz-fsft-lg-0 brz-tp-lg-paragraph brz-css-hnTWO\" data-uniq-id=\"yi26j\" data-generated-css=\"brz-css-lhqnY\"><a class=\"link--external brz-cp-color1\" style=\"color: rgb(0, 0, 0);\" href=\"https:\/\/www.skanderborgcity.dk\/parkering\/\" data-brz-link-type=\"external\">Adelgade er under ombygning, s\u00e5 planl\u00e6g efter lidt ekstra tid til parkering eller snup tog eller bus. <\/a><a class=\"link--external brz-cp-color1\" style=\"color: rgb(0, 0, 0); background-color: rgb(255, 255, 255);\" href=\"https:\/\/www.skanderborgcity.dk\/parkering\/\" data-brz-link-type=\"external\"> <\/a><a class=\"link--external brz-cp-color4\" style=\"color: rgba(var(--brz-global-color4),1);\" href=\"https:\/\/www.skanderborgcity.dk\/parkering\/\" data-brz-link-type=\"external\"> <\/a><\/p>\n<\/div>\n<\/div>\n<\/div>\n<div id=\"\" class=\"brz-css-d-wrapper brz-css-lo3c8e brz-wrapper\">\n<div class=\"brz-image brz-css-d-image-vbhjppumbu_m-parent brz-css-14sqtv\" data-brz-custom-id=\"vBHjPpumbu_M\"><picture class=\"brz-picture brz-d-block brz-p-relative brz-css-d-image-vbhjppumbu_m-picture brz-css-178og3i\"><source srcset=\"https:\/\/sloengeldage.dk\/wp-content\/uploads\/sSloengeldage-web-230513-DSC06234.webp 1x, https:\/\/sloengeldage.dk\/wp-content\/uploads\/sSloengeldage-web-230513-DSC06234.webp 2x\" media=\"(min-width: 992px)\"><source srcset=\"https:\/\/sloengeldage.dk\/wp-content\/uploads\/sSloengeldage-web-230513-DSC06234.webp 1x, https:\/\/sloengeldage.dk\/wp-content\/uploads\/sSloengeldage-web-230513-DSC06234.webp 2x\" media=\"(min-width: 768px)\"><img decoding=\"async\" class=\"brz-img\" srcset=\"https:\/\/sloengeldage.dk\/wp-content\/uploads\/sSloengeldage-web-230513-DSC06234.webp 1x, https:\/\/sloengeldage.dk\/wp-content\/uploads\/sSloengeldage-web-230513-DSC06234.webp 2x\" src=\"https:\/\/sloengeldage.dk\/wp-content\/uploads\/sSloengeldage-web-230513-DSC06234.webp\" loading=\"lazy\" alt=\"\" title=\"Sl\u00f8ngeldage24-web-popcorn\" draggable=\"false\"><\/picture><\/div>\n<\/div>\n<div id=\"\" class=\"brz-css-d-wrapper brz-css-imeodl brz-wrapper\">\n<div class=\"brz-image brz-css-d-image-q6kxx0hfetne-parent brz-css-mefbui\" data-brz-custom-id=\"q6KxX0HfETnE\"><picture class=\"brz-picture brz-d-block brz-p-relative brz-css-d-image-q6kxx0hfetne-picture brz-css-kusj9m\"><source srcset=\"https:\/\/sloengeldage.dk\/wp-content\/uploads\/sSloengeldage-web-230513-DSC05498.webp 1x, https:\/\/sloengeldage.dk\/wp-content\/uploads\/sSloengeldage-web-230513-DSC05498.webp 2x\" media=\"(min-width: 992px)\"><source srcset=\"https:\/\/sloengeldage.dk\/wp-content\/uploads\/sSloengeldage-web-230513-DSC05498.webp 1x, https:\/\/sloengeldage.dk\/wp-content\/uploads\/sSloengeldage-web-230513-DSC05498.webp 2x\" media=\"(min-width: 768px)\"><img decoding=\"async\" class=\"brz-img\" srcset=\"https:\/\/sloengeldage.dk\/wp-content\/uploads\/sSloengeldage-web-230513-DSC05498.webp 1x, https:\/\/sloengeldage.dk\/wp-content\/uploads\/sSloengeldage-web-230513-DSC05498.webp 2x\" src=\"https:\/\/sloengeldage.dk\/wp-content\/uploads\/sSloengeldage-web-230513-DSC05498.webp\" loading=\"lazy\" alt=\"\" title=\"Sl\u00f8ngeldage24-web-konditor\" draggable=\"false\"><\/picture><\/div>\n<\/div>\n<div id=\"\" class=\"brz-css-d-wrapper brz-css-6qan8n brz-wrapper\">\n<div class=\"brz-image brz-css-d-image-i3ymofkhc63n-parent brz-css-13evgm7\" data-brz-custom-id=\"i3YmoFkhc63N\"><picture class=\"brz-picture brz-d-block brz-p-relative brz-css-d-image-i3ymofkhc63n-picture brz-css-1vgdtfa\"><source srcset=\"https:\/\/sloengeldage.dk\/wp-content\/uploads\/sSloengeldage-web-230513-DSC05970.webp 1x, https:\/\/sloengeldage.dk\/wp-content\/uploads\/sSloengeldage-web-230513-DSC05970.webp 2x\" media=\"(min-width: 992px)\"><source srcset=\"https:\/\/sloengeldage.dk\/wp-content\/uploads\/sSloengeldage-web-230513-DSC05970.webp 1x, https:\/\/sloengeldage.dk\/wp-content\/uploads\/sSloengeldage-web-230513-DSC05970.webp 2x\" media=\"(min-width: 768px)\"><img decoding=\"async\" class=\"brz-img\" srcset=\"https:\/\/sloengeldage.dk\/wp-content\/uploads\/sSloengeldage-web-230513-DSC05970.webp 1x, https:\/\/sloengeldage.dk\/wp-content\/uploads\/sSloengeldage-web-230513-DSC05970.webp 2x\" src=\"https:\/\/sloengeldage.dk\/wp-content\/uploads\/sSloengeldage-web-230513-DSC05970.webp\" loading=\"lazy\" alt=\"\" title=\"Sl\u00f8ngeldage24-web-Slagder\" draggable=\"false\"><\/picture><\/div>\n<\/div>\n<\/div>\n<\/div>\n<\/div>\n<\/div>\n<\/div>\n<\/div>\n<\/section><\/div>\n<p><!-- version:1775553628 --><\/p>\n","protected":false},"excerpt":{"rendered":"<p>Program Byparken Program Kulturhuset Program Kulturtorv Udstillinger og stande Mad, drikke og parkering Byvandring i Ole Lund Kirkegaards fodspor Program Byparken Program Kulturhuset Program Kulturtorv Udstillinger og stande Mad, drikke og parkering Byvandring i Ole Lund Kirkegaards fodspor Mad, drikke og parkering Tilbage Mad og drikke Uden mad og drikke dur sl\u00f8nglen ikke. Skal madpakken &hellip; <\/p>\n<p class=\"link-more\"><a href=\"https:\/\/sloengeldage.dk\/index.php\/mad-drikke-og-parkering\/\" class=\"more-link\">Continue reading<span class=\"screen-reader-text\"> &#8220;Mad, drikke og parkering&#8221;<\/span><\/a><\/p>\n","protected":false},"author":1,"featured_media":0,"parent":0,"menu_order":0,"comment_status":"closed","ping_status":"closed","template":"brizy-blank-template.php","meta":{"footnotes":""},"folder":[45],"class_list":["post-1415","page","type-page","status-publish","hentry","entry"],"brizy_media":[{"id":1241,"url":"https:\/\/sloengeldage.dk\/wp-content\/uploads\/Sloengeldage-24-web-Fotograf-Per-Bille-20240525DSC01157.jpg","name":"Sloengeldage-24-web-Fotograf-Per-Bille-20240525DSC01157.jpg","meta":{"brizy_attachment_uid":"wp-0c6d011a24ec86069273a4917b9a4ea2.jpg","brizy_post_uid":["9be1c736802318713b19dfcea16bf880","c0bc46f0eb763ff5fc4850249079d91c"]}},{"id":1420,"url":"https:\/\/sloengeldage.dk\/wp-content\/uploads\/sSloengeldage-web-230513-DSC05498.webp","name":"sSloengeldage-web-230513-DSC05498.webp","meta":{"brizy_attachment_uid":"wp-2e22f8686ad42a6e7c6ede8d2a075998.webp","brizy_post_uid":["c0bc46f0eb763ff5fc4850249079d91c","ed9ce3ec8bcc4f9e0040ecf37cfa12b5"]}},{"id":1421,"url":"https:\/\/sloengeldage.dk\/wp-content\/uploads\/sSloengeldage-web-230513-DSC05970.webp","name":"sSloengeldage-web-230513-DSC05970.webp","meta":{"brizy_attachment_uid":"wp-e61e8ee9cf723015e81365ca33943026.webp","brizy_post_uid":["c0bc46f0eb763ff5fc4850249079d91c"]}},{"id":1422,"url":"https:\/\/sloengeldage.dk\/wp-content\/uploads\/sSloengeldage-web-230513-DSC06234.webp","name":"sSloengeldage-web-230513-DSC06234.webp","meta":{"brizy_attachment_uid":"wp-23fc8cf183c76475a7240c990e40757b.webp","brizy_post_uid":["c0bc46f0eb763ff5fc4850249079d91c","ed9ce3ec8bcc4f9e0040ecf37cfa12b5","5c4c2fe80e24f8622762bac90259db7e"]}},{"id":2920,"url":"https:\/\/sloengeldage.dk\/wp-content\/uploads\/Kaanditor.jpg","name":"Kaanditor.jpg","meta":{"brizy_attachment_uid":"wp-da659c5047ce27b0754ce40763818f9e.jpg","brizy_post_uid":["dab9dd26ac9865dcf3e113c0cdce6cfa","c0bc46f0eb763ff5fc4850249079d91c","4b87d37b0f84c6ddfc2e1e5790590d11"]}}],"_links":{"self":[{"href":"https:\/\/sloengeldage.dk\/index.php\/wp-json\/wp\/v2\/pages\/1415","targetHints":{"allow":["GET"]}}],"collection":[{"href":"https:\/\/sloengeldage.dk\/index.php\/wp-json\/wp\/v2\/pages"}],"about":[{"href":"https:\/\/sloengeldage.dk\/index.php\/wp-json\/wp\/v2\/types\/page"}],"author":[{"embeddable":true,"href":"https:\/\/sloengeldage.dk\/index.php\/wp-json\/wp\/v2\/users\/1"}],"replies":[{"embeddable":true,"href":"https:\/\/sloengeldage.dk\/index.php\/wp-json\/wp\/v2\/comments?post=1415"}],"version-history":[{"count":27,"href":"https:\/\/sloengeldage.dk\/index.php\/wp-json\/wp\/v2\/pages\/1415\/revisions"}],"predecessor-version":[{"id":5630,"href":"https:\/\/sloengeldage.dk\/index.php\/wp-json\/wp\/v2\/pages\/1415\/revisions\/5630"}],"wp:attachment":[{"href":"https:\/\/sloengeldage.dk\/index.php\/wp-json\/wp\/v2\/media?parent=1415"}],"wp:term":[{"taxonomy":"folder","embeddable":true,"href":"https:\/\/sloengeldage.dk\/index.php\/wp-json\/wp\/v2\/folder?post=1415"}],"curies":[{"name":"wp","href":"https:\/\/api.w.org\/{rel}","templated":true}]}}